CRAN Package Check Results for Package glinternet

Last updated on 2025-10-22 09:50:34 CEST.

Flavor Version Tinstall Tcheck Ttotal Status Flags
r-devel-linux-x86_64-debian-clang 1.0.12 5.06 30.67 35.73 NOTE
r-devel-linux-x86_64-debian-gcc 1.0.12 3.52 23.22 26.74 NOTE
r-devel-linux-x86_64-fedora-clang 1.0.12 12.00 48.53 60.53 OK
r-devel-linux-x86_64-fedora-gcc 1.0.12 11.00 42.73 53.73 OK
r-devel-windows-x86_64 1.0.12 9.00 53.00 62.00 OK
r-patched-linux-x86_64 1.0.12 5.07 29.55 34.62 OK
r-release-linux-x86_64 1.0.12 4.85 29.56 34.41 OK
r-release-macos-arm64 1.0.12 3.00 19.00 22.00 OK
r-release-macos-x86_64 1.0.12 5.00 28.00 33.00 OK
r-release-windows-x86_64 1.0.12 8.00 59.00 67.00 OK
r-oldrel-macos-arm64 1.0.12 3.00 18.00 21.00 OK
r-oldrel-macos-x86_64 1.0.12 4.00 30.00 34.00 OK
r-oldrel-windows-x86_64 1.0.12 9.00 52.00 61.00 OK

Check Details

Version: 1.0.12
Check: CRAN incoming feasibility
Result: NOTE Maintainer: ‘Michael Lim <michael626@gmail.com>’ No Authors@R field in DESCRIPTION. Please add one, modifying Authors@R: c(person(given = "Michael", family = "Lim", role = c("aut", "cre"), email = "michael626@gmail.com"), person(given = "Trevor", family = "Hastie", role = "aut")) as necessary. Flavors: r-devel-linux-x86_64-debian-clang, r-devel-linux-x86_64-debian-gcc