CRAN Package Check Results for Package glm2

Last updated on 2025-10-22 09:50:34 CEST.

Flavor Version Tinstall Tcheck Ttotal Status Flags
r-devel-linux-x86_64-debian-clang 1.2.1 1.67 21.21 22.88 NOTE
r-devel-linux-x86_64-debian-gcc 1.2.1 1.62 17.05 18.67 NOTE
r-devel-linux-x86_64-fedora-clang 1.2.1 35.62 OK
r-devel-linux-x86_64-fedora-gcc 1.2.1 31.94 OK
r-devel-windows-x86_64 1.2.1 4.00 40.00 44.00 OK
r-patched-linux-x86_64 1.2.1 1.97 20.36 22.33 OK
r-release-linux-x86_64 1.2.1 1.62 20.46 22.08 OK
r-release-macos-arm64 1.2.1 1.00 24.00 25.00 OK
r-release-macos-x86_64 1.2.1 2.00 24.00 26.00 OK
r-release-windows-x86_64 1.2.1 3.00 46.00 49.00 OK
r-oldrel-macos-arm64 1.2.1 1.00 20.00 21.00 OK
r-oldrel-macos-x86_64 1.2.1 2.00 20.00 22.00 OK
r-oldrel-windows-x86_64 1.2.1 3.00 41.00 44.00 OK

Check Details

Version: 1.2.1
Check: CRAN incoming feasibility
Result: NOTE Maintainer: ‘Mark W. Donoghoe <markdonoghoe@gmail.com>’ Package CITATION file contains call(s) to old-style citEntry(). Please use bibentry() instead. Flavors: r-devel-linux-x86_64-debian-clang, r-devel-linux-x86_64-debian-gcc