Last updated on 2025-10-22 09:50:35 CEST.
Flavor | Version | Tinstall | Tcheck | Ttotal | Status | Flags |
---|---|---|---|---|---|---|
r-devel-linux-x86_64-debian-clang | 1.0.8 | 5.60 | 40.97 | 46.57 | NOTE | |
r-devel-linux-x86_64-debian-gcc | 1.0.8 | 5.14 | 29.97 | 35.11 | NOTE | |
r-devel-linux-x86_64-fedora-clang | 1.0.8 | 21.00 | 52.49 | 73.49 | NOTE | |
r-devel-linux-x86_64-fedora-gcc | 1.0.8 | 14.00 | 54.84 | 68.84 | NOTE | |
r-devel-windows-x86_64 | 1.0.8 | 7.00 | 57.00 | 64.00 | NOTE | |
r-patched-linux-x86_64 | 1.0.8 | 6.53 | 38.51 | 45.04 | NOTE | |
r-release-linux-x86_64 | 1.0.8 | 6.35 | 38.78 | 45.13 | NOTE | |
r-release-macos-arm64 | 1.0.8 | 3.00 | 24.00 | 27.00 | NOTE | |
r-release-macos-x86_64 | 1.0.8 | 6.00 | 37.00 | 43.00 | NOTE | |
r-release-windows-x86_64 | 1.0.8 | 7.00 | 58.00 | 65.00 | NOTE | |
r-oldrel-macos-arm64 | 1.0.8 | 3.00 | 22.00 | 25.00 | NOTE | |
r-oldrel-macos-x86_64 | 1.0.8 | 5.00 | 30.00 | 35.00 | NOTE | |
r-oldrel-windows-x86_64 | 1.0.8 | 8.00 | 70.00 | 78.00 | NOTE |
Version: 1.0.8
Check: Rd files
Result: NOTE
checkRd: (-1) coef.glmulti.Rd:26: Escaped LaTeX specials: \&
checkRd: (-1) coef.glmulti.Rd:27: Escaped LaTeX specials: \&
checkRd: (-1) coef.glmulti.Rd:51: Escaped LaTeX specials: \&
checkRd: (-1) coef.glmulti.Rd:60: Escaped LaTeX specials: \&
checkRd: (-1) coef.glmulti.Rd:61: Escaped LaTeX specials: \&
checkRd: (-1) consensus.Rd:29: Escaped LaTeX specials: \&
checkRd: (-1) getfit.Rd:14: Lost braces
14 | \item{object}{A fitted model object, of class \code{glm}, \code{lm} or code{glm.nb}}
| ^
checkRd: (-1) getfit.Rd:26: Escaped LaTeX specials: \&
checkRd: (-1) glmulti-class.Rd:26: Escaped LaTeX specials: \&
checkRd: (-1) glmulti-methods.Rd:14: Lost braces
14 | code{glmulti} finds what are the \code{n} best models (the confidence set of models) among all possible models (the candidate set, as specified by the user).
| ^
checkRd: (-1) glmulti.Rd:99: Escaped LaTeX specials: \&
checkRd: (-1) summary.glmulti.Rd:72: Escaped LaTeX specials: \&
Flavors: r-devel-linux-x86_64-debian-clang, r-devel-linux-x86_64-debian-gcc, r-devel-linux-x86_64-fedora-clang, r-devel-linux-x86_64-fedora-gcc, r-devel-windows-x86_64, r-patched-linux-x86_64, r-release-linux-x86_64, r-release-macos-arm64, r-release-macos-x86_64, r-release-windows-x86_64, r-oldrel-macos-arm64, r-oldrel-macos-x86_64, r-oldrel-windows-x86_64