CRAN Package Check Results for Package gnn

Last updated on 2025-07-04 09:49:52 CEST.

Flavor Version Tinstall Tcheck Ttotal Status Flags
r-devel-linux-x86_64-debian-clang 0.0-4 10.48 80.50 90.98 NOTE
r-devel-linux-x86_64-debian-gcc 0.0-4 7.74 60.00 67.74 NOTE
r-devel-linux-x86_64-fedora-clang 0.0-4 136.37 OK
r-devel-linux-x86_64-fedora-gcc 0.0-4 128.58 OK
r-devel-windows-x86_64 0.0-4 11.00 89.00 100.00 NOTE
r-patched-linux-x86_64 0.0-4 11.08 76.47 87.55 NOTE
r-release-linux-x86_64 0.0-4 8.26 77.41 85.67 NOTE
r-release-macos-arm64 0.0-4 45.00 OK
r-release-macos-x86_64 0.0-4 80.00 OK
r-release-windows-x86_64 0.0-4 13.00 94.00 107.00 NOTE
r-oldrel-macos-arm64 0.0-4 41.00 OK
r-oldrel-macos-x86_64 0.0-4 68.00 OK
r-oldrel-windows-x86_64 0.0-4 15.00 110.00 125.00 OK

Check Details

Version: 0.0-4
Check: Rd cross-references
Result: NOTE Found the following Rd file(s) with Rd \link{} targets missing package anchors: FNN.Rd: layer_dropout rPrior.Rd: rCopula Please provide package anchors for all Rd \link{} targets not in the package itself and the base packages. Flavors: r-devel-linux-x86_64-debian-clang, r-devel-linux-x86_64-debian-gcc, r-devel-windows-x86_64, r-patched-linux-x86_64, r-release-linux-x86_64, r-release-windows-x86_64