Last updated on 2025-10-22 09:50:35 CEST.
Flavor | Version | Tinstall | Tcheck | Ttotal | Status | Flags |
---|---|---|---|---|---|---|
r-devel-linux-x86_64-debian-clang | 1.0.5 | 7.28 | 79.35 | 86.63 | NOTE | |
r-devel-linux-x86_64-debian-gcc | 1.0.5 | 4.98 | 61.30 | 66.28 | NOTE | |
r-devel-linux-x86_64-fedora-clang | 1.0.5 | 19.00 | 112.03 | 131.03 | OK | |
r-devel-linux-x86_64-fedora-gcc | 1.0.5 | 16.00 | 149.42 | 165.42 | OK | |
r-devel-windows-x86_64 | 1.0.5 | 10.00 | 112.00 | 122.00 | OK | |
r-patched-linux-x86_64 | 1.0.5 | 6.71 | 74.48 | 81.19 | OK | |
r-release-linux-x86_64 | 1.0.5 | 6.53 | 75.51 | 82.04 | OK | |
r-release-macos-arm64 | 1.0.5 | 4.00 | 85.00 | 89.00 | OK | |
r-release-macos-x86_64 | 1.0.5 | 7.00 | 128.00 | 135.00 | OK | |
r-release-windows-x86_64 | 1.0.5 | 10.00 | 112.00 | 122.00 | OK | |
r-oldrel-macos-arm64 | 1.0.5 | 3.00 | 66.00 | 69.00 | OK | |
r-oldrel-macos-x86_64 | 1.0.5 | 7.00 | 114.00 | 121.00 | OK | |
r-oldrel-windows-x86_64 | 1.0.5 | 13.00 | 142.00 | 155.00 | OK |
Version: 1.0.5
Check: DESCRIPTION meta-information
Result: NOTE
Author field differs from that derived from Authors@R
Author: ‘Mark Padgham [aut, cre] (<https://orcid.org/0000-0003-2172-5265>), Ascent Digital Services UK Limited [cph] (MangoTheCat), Karina Marks [aut] (KarinaMarks), Daniel de Bortoli [aut] (ddbortoli), Gabor Csardi [aut], Hannah Frick [aut], Owen Jones [aut] (owenjonesuob), Hannah Alexander [aut], Ana Simmons [ctb] (anasimmons), Fabian Scheipl [ctb] (fabian-s)’
Authors@R: ‘Mark Padgham [aut, cre] (ORCID: <https://orcid.org/0000-0003-2172-5265>), Ascent Digital Services UK Limited [cph] (GitHub: MangoTheCat), Karina Marks [aut] (GitHub: KarinaMarks), Daniel de Bortoli [aut] (GitHub: ddbortoli), Gabor Csardi [aut], Hannah Frick [aut], Owen Jones [aut] (GitHub: owenjonesuob), Hannah Alexander [aut], Ana Simmons [ctb] (GitHub: anasimmons), Fabian Scheipl [ctb] (GitHub: fabian-s)’
Flavors: r-devel-linux-x86_64-debian-clang, r-devel-linux-x86_64-debian-gcc
Version: 1.0.5
Check: HTML version of manual
Result: NOTE
Found the following HTML validation problems:
export_json.html:54:1 (export_json.Rd:14): Warning: missing </ul> before </div>
get_marker.html:50:1 (get_marker.Rd:12): Warning: missing </ul> before </div>
make_rcmd_check.html:74:1 (make_rcmd_check.Rd:28): Warning: missing </ul> before </div>
print.goodPractice.html:55:1 (print.goodPractice.Rd:14): Warning: missing </ul> before </div>
Flavors: r-devel-linux-x86_64-debian-clang, r-devel-linux-x86_64-debian-gcc