Last updated on 2025-10-22 09:50:35 CEST.
Flavor | Version | Tinstall | Tcheck | Ttotal | Status | Flags |
---|---|---|---|---|---|---|
r-devel-linux-x86_64-debian-clang | 0.1.2 | 6.22 | 56.61 | 62.83 | NOTE | |
r-devel-linux-x86_64-debian-gcc | 0.1.2 | 4.46 | 41.34 | 45.80 | NOTE | |
r-devel-linux-x86_64-fedora-clang | 0.1.2 | 20.00 | 77.90 | 97.90 | OK | |
r-devel-linux-x86_64-fedora-gcc | 0.1.2 | 14.00 | 75.61 | 89.61 | OK | |
r-devel-windows-x86_64 | 0.1.2 | 7.00 | 69.00 | 76.00 | OK | |
r-patched-linux-x86_64 | 0.1.2 | 6.60 | 52.94 | 59.54 | OK | |
r-release-linux-x86_64 | 0.1.2 | 6.05 | 52.77 | 58.82 | OK | |
r-release-macos-arm64 | 0.1.2 | 3.00 | 27.00 | 30.00 | OK | |
r-release-macos-x86_64 | 0.1.2 | 6.00 | 53.00 | 59.00 | OK | |
r-release-windows-x86_64 | 0.1.2 | 9.00 | 71.00 | 80.00 | OK | |
r-oldrel-macos-arm64 | 0.1.2 | 3.00 | 28.00 | 31.00 | NOTE | |
r-oldrel-macos-x86_64 | 0.1.2 | 5.00 | 40.00 | 45.00 | NOTE | |
r-oldrel-windows-x86_64 | 0.1.2 | 10.00 | 88.00 | 98.00 | NOTE |
Version: 0.1.2
Check: HTML version of manual
Result: NOTE
Found the following HTML validation problems:
gf_cache.html:47:1 (gf_cache.Rd:11): Warning: missing </ul> before </div>
gf_degrees.html:47:1 (gf_degrees.Rd:11): Warning: missing </ul> before </div>
gf_edge_columns.html:47:1 (gf_edge_columns.Rd:11): Warning: missing </ul> before </div>
gf_edges.html:47:1 (gf_edges.Rd:11): Warning: missing </ul> before </div>
gf_in_degrees.html:47:1 (gf_in_degrees.Rd:11): Warning: missing </ul> before </div>
gf_out_degrees.html:47:1 (gf_out_degrees.Rd:11): Warning: missing </ul> before </div>
gf_persist.html:53:1 (gf_persist.Rd:15): Warning: missing </ul> before </div>
gf_register.html:47:1 (gf_register.Rd:11): Warning: missing </ul> before </div>
gf_triplets.html:47:1 (gf_triplets.Rd:11): Warning: missing </ul> before </div>
gf_unpersist.html:51:1 (gf_unpersist.Rd:13): Warning: missing </ul> before </div>
gf_vertex_columns.html:47:1 (gf_vertex_columns.Rd:11): Warning: missing </ul> before </div>
gf_vertices.html:47:1 (gf_vertices.Rd:11): Warning: missing </ul> before </div>
spark_graphframe.html:53:1 (spark_graphframe.Rd:15): Warning: missing </ul> before </div>
Flavors: r-devel-linux-x86_64-debian-clang, r-devel-linux-x86_64-debian-gcc
Version: 0.1.2
Check: LazyData
Result: NOTE
'LazyData' is specified without a 'data' directory
Flavors: r-oldrel-macos-arm64, r-oldrel-macos-x86_64, r-oldrel-windows-x86_64