Last updated on 2025-10-22 09:50:35 CEST.
Flavor | Version | Tinstall | Tcheck | Ttotal | Status | Flags |
---|---|---|---|---|---|---|
r-devel-linux-x86_64-debian-clang | 1.3 | 6.20 | 55.47 | 61.67 | NOTE | |
r-devel-linux-x86_64-debian-gcc | 1.3 | 5.43 | 41.16 | 46.59 | NOTE | |
r-devel-linux-x86_64-fedora-clang | 1.3 | 17.00 | 78.72 | 95.72 | OK | |
r-devel-linux-x86_64-fedora-gcc | 1.3 | 12.00 | 77.18 | 89.18 | OK | |
r-devel-windows-x86_64 | 1.3 | 7.00 | 63.00 | 70.00 | OK | |
r-patched-linux-x86_64 | 1.3 | 6.98 | 53.41 | 60.39 | OK | |
r-release-linux-x86_64 | 1.3 | 6.44 | 52.57 | 59.01 | OK | |
r-release-macos-arm64 | 1.3 | 4.00 | 29.00 | 33.00 | OK | |
r-release-macos-x86_64 | 1.3 | 7.00 | 52.00 | 59.00 | OK | |
r-release-windows-x86_64 | 1.3 | 7.00 | 67.00 | 74.00 | OK | |
r-oldrel-macos-arm64 | 1.3 | 3.00 | 27.00 | 30.00 | OK | |
r-oldrel-macos-x86_64 | 1.3 | 8.00 | 62.00 | 70.00 | OK | |
r-oldrel-windows-x86_64 | 1.3 | 9.00 | 80.00 | 89.00 | OK |
Version: 1.3
Check: CRAN incoming feasibility
Result: NOTE
Maintainer: ‘Ian W. McKeague <im2131@columbia.edu>’
No Authors@R field in DESCRIPTION.
Please add one, modifying
Authors@R: c(person(given = "Sara",
family = "Lopez-Pintado",
role = "aut"),
person(given = c("Ian", "W."),
family = "McKeague",
role = c("aut", "cre"),
email = "im2131@columbia.edu"))
as necessary.
Flavors: r-devel-linux-x86_64-debian-clang, r-devel-linux-x86_64-debian-gcc
Version: 1.3
Check: HTML version of manual
Result: NOTE
Found the following HTML validation problems:
Khatf.html:68:1 (Khatf.Rd:24): Warning: missing </ul> before </div>
posteriordistribcurve.html:80:1 (posteriordistribcurve.Rd:30): Warning: missing </ul> before </div>
posteriorobs.html:80:1 (posteriorobs.Rd:30): Warning: missing </ul> before </div>
priormeanobs.html:56:1 (priormeanobs.Rd:18): Warning: missing </ul> before </div>
Flavors: r-devel-linux-x86_64-debian-clang, r-devel-linux-x86_64-debian-gcc