Last updated on 2025-10-22 09:50:35 CEST.
Flavor | Version | Tinstall | Tcheck | Ttotal | Status | Flags |
---|---|---|---|---|---|---|
r-devel-linux-x86_64-debian-clang | 0.0.1 | 5.81 | 45.59 | 51.40 | NOTE | |
r-devel-linux-x86_64-debian-gcc | 0.0.1 | 3.29 | 32.17 | 35.46 | NOTE | |
r-devel-linux-x86_64-fedora-clang | 0.0.1 | 14.00 | 57.72 | 71.72 | NOTE | |
r-devel-linux-x86_64-fedora-gcc | 0.0.1 | 12.00 | 53.69 | 65.69 | NOTE | |
r-devel-windows-x86_64 | 0.0.1 | 7.00 | 60.00 | 67.00 | NOTE | |
r-patched-linux-x86_64 | 0.0.1 | 5.15 | 40.39 | 45.54 | NOTE | |
r-release-linux-x86_64 | 0.0.1 | 5.03 | 40.86 | 45.89 | NOTE | |
r-release-macos-arm64 | 0.0.1 | 3.00 | 23.00 | 26.00 | NOTE | |
r-release-macos-x86_64 | 0.0.1 | 5.00 | 43.00 | 48.00 | NOTE | |
r-release-windows-x86_64 | 0.0.1 | 9.00 | 62.00 | 71.00 | NOTE | |
r-oldrel-macos-arm64 | 0.0.1 | 3.00 | 22.00 | 25.00 | NOTE | |
r-oldrel-macos-x86_64 | 0.0.1 | 5.00 | 37.00 | 42.00 | NOTE | |
r-oldrel-windows-x86_64 | 0.0.1 | 8.00 | 72.00 | 80.00 | NOTE |
Version: 0.0.1
Check: Rd files
Result: NOTE
checkRd: (-1) guild_merge.Rd:38: Lost braces; missing escapes or markup?
38 | \item{\code{summary_name}}{Name used for the run summary. Use '${run_id}' in the name to include the run ID.}
| ^
checkRd: (-1) guild_merge_cli.Rd:88: Lost braces; missing escapes or markup?
88 | \item{summary_name}{Name used for the run summary. Use '${run_id}' in the name to include the run ID.}
| ^
Flavors: r-devel-linux-x86_64-debian-clang, r-devel-linux-x86_64-debian-gcc, r-devel-linux-x86_64-fedora-clang, r-devel-linux-x86_64-fedora-gcc, r-devel-windows-x86_64, r-patched-linux-x86_64, r-release-linux-x86_64, r-release-macos-arm64, r-release-macos-x86_64, r-release-windows-x86_64, r-oldrel-macos-arm64, r-oldrel-macos-x86_64, r-oldrel-windows-x86_64
Version: 0.0.1
Check: HTML version of manual
Result: NOTE
Found the following HTML validation problems:
guild_api_runs_cli.html:150:1 (guild_api_runs_cli.Rd:73): Warning: missing </ul> before </div>
guild_run_cli.html:508:1 (guild_run_cli.Rd:355): Warning: missing </ul> before </div>
guild_select_cli.html:389:1 (guild_select_cli.Rd:285): Warning: missing </ul> before </div>
guild_view_cli.html:377:1 (guild_view_cli.Rd:272): Warning: missing </ul> before </div>
Flavors: r-devel-linux-x86_64-debian-clang, r-devel-linux-x86_64-debian-gcc