CRAN Package Check Results for Package hR

Last updated on 2025-10-22 09:50:36 CEST.

Flavor Version Tinstall Tcheck Ttotal Status Flags
r-devel-linux-x86_64-debian-clang 0.3.0 2.22 27.43 29.65 OK
r-devel-linux-x86_64-debian-gcc 0.3.0 1.53 22.22 23.75 OK
r-devel-linux-x86_64-fedora-clang 0.3.0 46.01 NOTE
r-devel-linux-x86_64-fedora-gcc 0.3.0 56.22 NOTE
r-devel-windows-x86_64 0.3.0 3.00 45.00 48.00 OK
r-patched-linux-x86_64 0.3.0 1.95 25.71 27.66 OK
r-release-linux-x86_64 0.3.0 1.92 25.76 27.68 OK
r-release-macos-arm64 0.3.0 1.00 30.00 31.00 OK
r-release-macos-x86_64 0.3.0 2.00 40.00 42.00 OK
r-release-windows-x86_64 0.3.0 3.00 48.00 51.00 OK
r-oldrel-macos-arm64 0.3.0 1.00 28.00 29.00 OK
r-oldrel-macos-x86_64 0.3.0 3.00 65.00 68.00 OK
r-oldrel-windows-x86_64 0.3.0 4.00 54.00 58.00 OK

Check Details

Version: 0.3.0
Check: dependencies in R code
Result: NOTE Namespace in Imports field not imported from: ‘knitr’ All declared Imports should be used. Flavors: r-devel-linux-x86_64-fedora-clang, r-devel-linux-x86_64-fedora-gcc