Last updated on 2025-07-04 09:49:52 CEST.
Flavor | Version | Tinstall | Tcheck | Ttotal | Status | Flags |
---|---|---|---|---|---|---|
r-devel-linux-x86_64-debian-clang | 1.1.1 | 32.75 | 577.07 | 609.82 | OK | |
r-devel-linux-x86_64-debian-gcc | 1.1.1 | 21.40 | 396.71 | 418.11 | OK | |
r-devel-linux-x86_64-fedora-clang | 1.1.1 | 891.39 | OK | |||
r-devel-linux-x86_64-fedora-gcc | 1.1.1 | 913.81 | OK | |||
r-devel-windows-x86_64 | 1.1.1 | 28.00 | 484.00 | 512.00 | OK | |
r-patched-linux-x86_64 | 1.1.1 | 31.10 | 552.35 | 583.45 | OK | |
r-release-linux-x86_64 | 1.1.1 | 29.43 | 549.96 | 579.39 | OK | |
r-release-macos-arm64 | 1.1.1 | 307.00 | OK | |||
r-release-macos-x86_64 | 1.1.1 | 542.00 | OK | |||
r-release-windows-x86_64 | 1.1.1 | 29.00 | 491.00 | 520.00 | OK | |
r-oldrel-macos-arm64 | 1.1.1 | 251.00 | OK | |||
r-oldrel-macos-x86_64 | 1.1.1 | 430.00 | NOTE | |||
r-oldrel-windows-x86_64 | 1.1.1 | 41.00 | 665.00 | 706.00 | OK |
Version: 1.1.1
Check: installed package size
Result: NOTE
installed size is 5.4Mb
sub-directories of 1Mb or more:
data 3.3Mb
doc 1.1Mb
Flavor: r-oldrel-macos-x86_64