Last updated on 2025-10-22 09:50:35 CEST.
Flavor | Version | Tinstall | Tcheck | Ttotal | Status | Flags |
---|---|---|---|---|---|---|
r-devel-linux-x86_64-debian-clang | 0.6.0 | 20.76 | 210.65 | 231.41 | NOTE | |
r-devel-linux-x86_64-debian-gcc | 0.6.0 | 11.19 | 134.53 | 145.72 | NOTE | |
r-devel-linux-x86_64-fedora-clang | 0.6.0 | 98.00 | 276.62 | 374.62 | OK | |
r-devel-linux-x86_64-fedora-gcc | 0.6.0 | 47.00 | 304.72 | 351.72 | OK | |
r-devel-windows-x86_64 | 0.6.0 | 26.00 | 211.00 | 237.00 | OK | |
r-patched-linux-x86_64 | 0.6.0 | 20.43 | 206.86 | 227.29 | OK | |
r-release-linux-x86_64 | 0.6.0 | 19.33 | 208.24 | 227.57 | OK | |
r-release-macos-arm64 | 0.6.0 | 9.00 | 113.00 | 122.00 | OK | |
r-release-macos-x86_64 | 0.6.0 | 13.00 | 184.00 | 197.00 | OK | |
r-release-windows-x86_64 | 0.6.0 | 28.00 | 209.00 | 237.00 | OK | |
r-oldrel-macos-arm64 | 0.6.0 | 8.00 | 101.00 | 109.00 | OK | |
r-oldrel-macos-x86_64 | 0.6.0 | 12.00 | 162.00 | 174.00 | OK | |
r-oldrel-windows-x86_64 | 0.6.0 | 31.00 | 325.00 | 356.00 | OK |
Version: 0.6.0
Check: HTML version of manual
Result: NOTE
Found the following HTML validation problems:
coef.corrected_lasso.html:51:1 (coef.corrected_lasso.Rd:12): Warning: missing </ul> before </div>
coef.gds.html:55:1 (coef.gds.Rd:14): Warning: missing </ul> before </div>
coef.gmu_lasso.html:56:1 (coef.gmu_lasso.Rd:15): Warning: missing </ul> before </div>
coef.gmus.html:56:1 (coef.gmus.Rd:15): Warning: missing </ul> before </div>
musalgorithm.html:58:1 (musalgorithm.Rd:16): Warning: missing </ul> before </div>
plot.cv_corrected_lasso.html:51:1 (plot.cv_corrected_lasso.Rd:12): Warning: missing </ul> before </div>
plot.cv_gds.html:51:1 (plot.cv_gds.Rd:12): Warning: missing </ul> before </div>
print.corrected_lasso.html:51:1 (print.corrected_lasso.Rd:12): Warning: missing </ul> before </div>
print.cv_corrected_lasso.html:51:1 (print.cv_corrected_lasso.Rd:12): Warning: missing </ul> before </div>
print.cv_gds.html:51:1 (print.cv_gds.Rd:12): Warning: missing </ul> before </div>
print.gds.html:51:1 (print.gds.Rd:12): Warning: missing </ul> before </div>
print.gmu_lasso.html:51:1 (print.gmu_lasso.Rd:12): Warning: missing </ul> before </div>
print.gmus.html:51:1 (print.gmus.Rd:12): Warning: missing </ul> before </div>
Flavors: r-devel-linux-x86_64-debian-clang, r-devel-linux-x86_64-debian-gcc