Last updated on 2025-10-22 09:50:35 CEST.
Flavor | Version | Tinstall | Tcheck | Ttotal | Status | Flags |
---|---|---|---|---|---|---|
r-devel-linux-x86_64-debian-clang | 0.3.0 | 32.77 | 98.25 | 131.02 | NOTE | |
r-devel-linux-x86_64-debian-gcc | 0.3.0 | 25.42 | 68.68 | 94.10 | NOTE | |
r-devel-linux-x86_64-fedora-clang | 0.3.0 | 88.00 | 129.27 | 217.27 | OK | |
r-devel-linux-x86_64-fedora-gcc | 0.3.0 | 62.00 | 130.37 | 192.37 | OK | |
r-devel-windows-x86_64 | 0.3.0 | 43.00 | 112.00 | 155.00 | OK | |
r-patched-linux-x86_64 | 0.3.0 | 35.74 | 88.88 | 124.62 | OK | |
r-release-linux-x86_64 | 0.3.0 | 34.10 | 88.86 | 122.96 | OK | |
r-release-macos-arm64 | 0.3.0 | 15.00 | 36.00 | 51.00 | OK | |
r-release-macos-x86_64 | 0.3.0 | 21.00 | 61.00 | 82.00 | OK | |
r-release-windows-x86_64 | 0.3.0 | 41.00 | 117.00 | 158.00 | OK | |
r-oldrel-macos-arm64 | 0.3.0 | 17.00 | 37.00 | 54.00 | OK | |
r-oldrel-macos-x86_64 | 0.3.0 | 17.00 | 52.00 | 69.00 | OK | |
r-oldrel-windows-x86_64 | 0.3.0 | 55.00 | 174.00 | 229.00 | OK |
Version: 0.3.0
Check: HTML version of manual
Result: NOTE
Found the following HTML validation problems:
print.causal_net.html:51:1 (print.causal_net.Rd:12): Warning: missing </ul> before </div>
print.dependency_matrix.html:51:1 (print.dependency_matrix.Rd:12): Warning: missing </ul> before </div>
Flavors: r-devel-linux-x86_64-debian-clang, r-devel-linux-x86_64-debian-gcc