CRAN Package Check Results for Package hilbert

Last updated on 2025-10-22 09:50:35 CEST.

Flavor Version Tinstall Tcheck Ttotal Status Flags
r-devel-linux-x86_64-debian-clang 0.2.1 8.27 29.09 37.36 NOTE
r-devel-linux-x86_64-debian-gcc 0.2.1 7.51 23.44 30.95 NOTE
r-devel-linux-x86_64-fedora-clang 0.2.1 26.00 37.53 63.53 NOTE
r-devel-linux-x86_64-fedora-gcc 0.2.1 23.00 48.96 71.96 NOTE
r-devel-windows-x86_64 0.2.1 13.00 53.00 66.00 NOTE
r-patched-linux-x86_64 0.2.1 10.28 26.89 37.17 NOTE
r-release-linux-x86_64 0.2.1 10.47 26.89 37.36 NOTE
r-release-macos-arm64 0.2.1 4.00 21.00 25.00 NOTE
r-release-macos-x86_64 0.2.1 6.00 37.00 43.00 NOTE
r-release-windows-x86_64 0.2.1 13.00 56.00 69.00 NOTE
r-oldrel-macos-arm64 0.2.1 4.00 20.00 24.00 NOTE
r-oldrel-macos-x86_64 0.2.1 6.00 31.00 37.00 NOTE
r-oldrel-windows-x86_64 0.2.1 14.00 89.00 103.00 NOTE

Additional issues

rchk

Check Details

Version: 0.2.1
Check: C++ specification
Result: NOTE Specified C++11: please drop specification unless essential Flavors: r-devel-linux-x86_64-debian-clang, r-devel-linux-x86_64-debian-gcc, r-devel-linux-x86_64-fedora-clang, r-devel-linux-x86_64-fedora-gcc, r-devel-windows-x86_64, r-patched-linux-x86_64, r-release-linux-x86_64, r-release-macos-arm64, r-release-macos-x86_64, r-release-windows-x86_64, r-oldrel-macos-arm64, r-oldrel-macos-x86_64, r-oldrel-windows-x86_64