Last updated on 2025-10-22 09:50:36 CEST.
Flavor | Version | Tinstall | Tcheck | Ttotal | Status | Flags |
---|---|---|---|---|---|---|
r-devel-linux-x86_64-debian-clang | 3.41 | 5.46 | 54.75 | 60.21 | NOTE | |
r-devel-linux-x86_64-debian-gcc | 3.41 | 4.20 | 39.24 | 43.44 | NOTE | |
r-devel-linux-x86_64-fedora-clang | 3.41 | 12.00 | 80.78 | 92.78 | OK | |
r-devel-linux-x86_64-fedora-gcc | 3.41 | 12.00 | 73.40 | 85.40 | OK | |
r-devel-windows-x86_64 | 3.41 | 7.00 | 64.00 | 71.00 | OK | |
r-patched-linux-x86_64 | 3.41 | 5.05 | 52.71 | 57.76 | OK | |
r-release-linux-x86_64 | 3.41 | 5.48 | 50.96 | 56.44 | OK | |
r-release-macos-arm64 | 3.41 | 3.00 | 24.00 | 27.00 | OK | |
r-release-macos-x86_64 | 3.41 | 4.00 | 36.00 | 40.00 | OK | |
r-release-windows-x86_64 | 3.41 | 7.00 | 65.00 | 72.00 | OK | |
r-oldrel-macos-arm64 | 3.41 | 2.00 | 21.00 | 23.00 | OK | |
r-oldrel-macos-x86_64 | 3.41 | 3.00 | 32.00 | 35.00 | OK | |
r-oldrel-windows-x86_64 | 3.41 | 9.00 | 81.00 | 90.00 | OK |
Version: 3.41
Check: CRAN incoming feasibility
Result: NOTE
Maintainer: ‘Christian E. Galarza <cgalarza88@gmail.com>’
No Authors@R field in DESCRIPTION.
Please add one, modifying
Authors@R: c(person(given = c("Christian", "E."),
family = "Galarza",
role = c("aut", "cre"),
email = "cgalarza88@gmail.com"),
person(given = c("Jonathan", "M."),
family = "Olate",
role = "aut"))
as necessary.
Flavors: r-devel-linux-x86_64-debian-clang, r-devel-linux-x86_64-debian-gcc