Last updated on 2025-10-22 09:50:36 CEST.
Flavor | Version | Tinstall | Tcheck | Ttotal | Status | Flags |
---|---|---|---|---|---|---|
r-devel-linux-x86_64-debian-clang | 0.2.8 | 8.17 | 80.06 | 88.23 | NOTE | |
r-devel-linux-x86_64-debian-gcc | 0.2.8 | 6.56 | 58.64 | 65.20 | NOTE | |
r-devel-linux-x86_64-fedora-clang | 0.2.8 | 25.00 | 117.26 | 142.26 | NOTE | |
r-devel-linux-x86_64-fedora-gcc | 0.2.8 | 20.00 | 121.33 | 141.33 | NOTE | |
r-devel-windows-x86_64 | 0.2.8 | 10.00 | 86.00 | 96.00 | NOTE | |
r-patched-linux-x86_64 | 0.2.8 | 9.13 | 74.35 | 83.48 | NOTE | |
r-release-linux-x86_64 | 0.2.8 | 9.16 | 75.24 | 84.40 | NOTE | |
r-release-macos-arm64 | 0.2.8 | 5.00 | 51.00 | 56.00 | NOTE | |
r-release-macos-x86_64 | 0.2.8 | 8.00 | 88.00 | 96.00 | NOTE | |
r-release-windows-x86_64 | 0.2.8 | 11.00 | 87.00 | 98.00 | NOTE | |
r-oldrel-macos-arm64 | 0.2.8 | 4.00 | 42.00 | 46.00 | OK | |
r-oldrel-macos-x86_64 | 0.2.8 | 8.00 | 65.00 | 73.00 | OK | |
r-oldrel-windows-x86_64 | 0.2.8 | 14.00 | 107.00 | 121.00 | OK |
Version: 0.2.8
Check: DESCRIPTION meta-information
Result: NOTE
Missing dependency on R >= 4.1.0 because package code uses the pipe
|> or function shorthand \(...) syntax added in R 4.1.0.
File(s) using such syntax:
‘equations.R’
Flavors: r-devel-linux-x86_64-debian-clang, r-devel-linux-x86_64-debian-gcc, r-devel-linux-x86_64-fedora-clang, r-devel-linux-x86_64-fedora-gcc, r-devel-windows-x86_64, r-patched-linux-x86_64, r-release-linux-x86_64, r-release-macos-arm64, r-release-macos-x86_64, r-release-windows-x86_64
Version: 0.2.8
Check: HTML version of manual
Result: NOTE
Found the following HTML validation problems:
formula-set.html:54:1 (formula-set.Rd:14): Warning: missing </ul> before </div>
Flavors: r-devel-linux-x86_64-debian-clang, r-devel-linux-x86_64-debian-gcc