Last updated on 2025-10-22 09:50:36 CEST.
Flavor | Version | Tinstall | Tcheck | Ttotal | Status | Flags |
---|---|---|---|---|---|---|
r-devel-linux-x86_64-debian-clang | 1.0.0 | 11.03 | 125.51 | 136.54 | NOTE | |
r-devel-linux-x86_64-debian-gcc | 1.0.0 | 9.47 | 87.78 | 97.25 | NOTE | |
r-devel-linux-x86_64-fedora-clang | 1.0.0 | 32.00 | 184.12 | 216.12 | OK | |
r-devel-linux-x86_64-fedora-gcc | 1.0.0 | 32.00 | 168.07 | 200.07 | OK | |
r-devel-windows-x86_64 | 1.0.0 | 16.00 | 121.00 | 137.00 | OK | |
r-patched-linux-x86_64 | 1.0.0 | 13.27 | 117.68 | 130.95 | OK | |
r-release-linux-x86_64 | 1.0.0 | 12.50 | 117.71 | 130.21 | OK | |
r-release-macos-arm64 | 1.0.0 | 6.00 | 49.00 | 55.00 | OK | |
r-release-macos-x86_64 | 1.0.0 | 13.00 | 97.00 | 110.00 | OK | |
r-release-windows-x86_64 | 1.0.0 | 18.00 | 140.00 | 158.00 | OK | |
r-oldrel-macos-arm64 | 1.0.0 | 6.00 | 53.00 | 59.00 | OK | |
r-oldrel-macos-x86_64 | 1.0.0 | 15.00 | 98.00 | 113.00 | OK | |
r-oldrel-windows-x86_64 | 1.0.0 | 19.00 | 155.00 | 174.00 | OK |
Version: 1.0.0
Check: HTML version of manual
Result: NOTE
Found the following HTML validation problems:
hyreg2.html:163:1 (hyreg2.Rd:91): Warning: <h3> anchor "formula" already defined
hyreg2.html:177:1 (hyreg2.Rd:104): Warning: <h3> anchor "data" already defined
hyreg2_het.html:175:1 (hyreg2_het.Rd:99): Warning: <h3> anchor "formula" already defined
hyreg2_het.html:189:1 (hyreg2_het.Rd:112): Warning: <h3> anchor "data" already defined
Flavors: r-devel-linux-x86_64-debian-clang, r-devel-linux-x86_64-debian-gcc