CRAN Package Check Results for Package iccTraj

Last updated on 2025-10-22 09:50:36 CEST.

Flavor Version Tinstall Tcheck Ttotal Status Flags
r-devel-linux-x86_64-debian-clang 1.1.0 7.44 66.06 73.50 OK
r-devel-linux-x86_64-debian-gcc 1.1.0 6.55 0.93 7.48 FAIL
r-devel-linux-x86_64-fedora-clang 1.1.0 53.00 66.57 119.57 OK
r-devel-linux-x86_64-fedora-gcc 1.1.0 22.00 86.34 108.34 OK
r-devel-windows-x86_64 1.1.0 10.00 76.00 86.00 OK
r-patched-linux-x86_64 1.1.0 8.24 62.23 70.47 OK
r-release-linux-x86_64 1.1.0 7.87 62.46 70.33 OK
r-release-macos-arm64 1.1.0 4.00 35.00 39.00 OK
r-release-macos-x86_64 1.1.0 8.00 60.00 68.00 OK
r-release-windows-x86_64 1.1.0 11.00 82.00 93.00 OK
r-oldrel-macos-arm64 1.1.0 4.00 35.00 39.00 OK
r-oldrel-macos-x86_64 1.1.0 14.00 79.00 93.00 OK
r-oldrel-windows-x86_64 1.1.0 14.00 93.00 107.00 OK

Check Details

Version: 1.1.0
Check: package dependencies
Result: FAIL
Flavor: r-devel-linux-x86_64-debian-gcc