Last updated on 2025-10-22 09:50:36 CEST.
Flavor | Version | Tinstall | Tcheck | Ttotal | Status | Flags |
---|---|---|---|---|---|---|
r-devel-linux-x86_64-debian-clang | 1.5.0 | 38.64 | 34.81 | 73.45 | NOTE | |
r-devel-linux-x86_64-debian-gcc | 1.5.0 | 26.96 | 26.74 | 53.70 | NOTE | |
r-devel-linux-x86_64-fedora-clang | 1.5.0 | 80.00 | 54.20 | 134.20 | OK | |
r-devel-linux-x86_64-fedora-gcc | 1.5.0 | 74.00 | 48.80 | 122.80 | OK | |
r-devel-windows-x86_64 | 1.5.0 | 40.00 | 67.00 | 107.00 | OK | |
r-patched-linux-x86_64 | 1.5.0 | 40.70 | 32.59 | 73.29 | OK | |
r-release-linux-x86_64 | 1.5.0 | 40.38 | 32.73 | 73.11 | OK | |
r-release-macos-arm64 | 1.5.0 | 14.00 | 17.00 | 31.00 | OK | |
r-release-macos-x86_64 | 1.5.0 | 14.00 | 30.00 | 44.00 | OK | |
r-release-windows-x86_64 | 1.5.0 | 42.00 | 68.00 | 110.00 | OK | |
r-oldrel-macos-arm64 | 1.5.0 | 15.00 | 16.00 | 31.00 | OK | |
r-oldrel-macos-x86_64 | 1.5.0 | 16.00 | 24.00 | 40.00 | OK | |
r-oldrel-windows-x86_64 | 1.5.0 | 45.00 | 82.00 | 127.00 | OK |
Version: 1.5.0
Check: CRAN incoming feasibility
Result: NOTE
Maintainer: ‘Xiangdong Gu <ustcgxd@gmail.com>’
No Authors@R field in DESCRIPTION.
Please add one, modifying
Authors@R: c(person(given = "Xiangdong",
family = "Gu",
role = c("aut", "cre"),
email = "ustcgxd@gmail.com"),
person(given = "Raji",
family = "Balasubramanian",
role = "aut"))
as necessary.
Flavors: r-devel-linux-x86_64-debian-clang, r-devel-linux-x86_64-debian-gcc
Version: 1.5.0
Check: HTML version of manual
Result: NOTE
Found the following HTML validation problems:
bayesmc.html:82:1 (bayesmc.Rd:28): Warning: missing </ul> before </div>
fitsurv.html:54:1 (fitsurv.Rd:14): Warning: missing </ul> before </div>
plot_surv.html:47:1 (plot_surv.Rd:10): Warning: missing </ul> before </div>
Flavors: r-devel-linux-x86_64-debian-clang, r-devel-linux-x86_64-debian-gcc