Last updated on 2025-10-22 09:50:36 CEST.
Flavor | Version | Tinstall | Tcheck | Ttotal | Status | Flags |
---|---|---|---|---|---|---|
r-devel-linux-x86_64-debian-clang | 0.1.2 | 12.90 | 162.76 | 175.66 | NOTE | |
r-devel-linux-x86_64-debian-gcc | 0.1.2 | 9.23 | 113.58 | 122.81 | NOTE | |
r-devel-linux-x86_64-fedora-clang | 0.1.2 | 35.00 | 238.41 | 273.41 | OK | |
r-devel-linux-x86_64-fedora-gcc | 0.1.2 | 28.00 | 231.50 | 259.50 | OK | |
r-devel-windows-x86_64 | 0.1.2 | 16.00 | 152.00 | 168.00 | OK | |
r-patched-linux-x86_64 | 0.1.2 | 12.55 | 148.83 | 161.38 | OK | |
r-release-linux-x86_64 | 0.1.2 | 11.88 | 149.12 | 161.00 | OK | |
r-release-macos-arm64 | 0.1.2 | 8.00 | 80.00 | 88.00 | OK | |
r-release-macos-x86_64 | 0.1.2 | 12.00 | 126.00 | 138.00 | OK | |
r-release-windows-x86_64 | 0.1.2 | 16.00 | 151.00 | 167.00 | OK | |
r-oldrel-macos-arm64 | 0.1.2 | 6.00 | 59.00 | 65.00 | OK | |
r-oldrel-macos-x86_64 | 0.1.2 | 8.00 | 94.00 | 102.00 | OK | |
r-oldrel-windows-x86_64 | 0.1.2 | 21.00 | 200.00 | 221.00 | OK |
Version: 0.1.2
Check: CRAN incoming feasibility
Result: NOTE
Maintainer: ‘Ang Dong <fantasys05227@gmail.com>’
No Authors@R field in DESCRIPTION.
Please add one, modifying
Authors@R: person(given = "Ang",
family = "Dong",
role = c("aut", "cre"),
email = "fantasys05227@gmail.com")
as necessary.
Flavors: r-devel-linux-x86_64-debian-clang, r-devel-linux-x86_64-debian-gcc
Version: 0.1.2
Check: HTML version of manual
Result: NOTE
Found the following HTML validation problems:
biqdODE_plot_all.html:78:1 (biqdODE_plot_all.Rd:30): Warning: missing </ul> before </div>
biqdODE_plot_base.html:68:1 (biqdODE_plot_base.Rd:24): Warning: missing </ul> before </div>
qdODE_plot_base.html:54:1 (qdODE_plot_base.Rd:14): Warning: missing </ul> before </div>
qdODEplot_convert.html:46:1 (qdODEplot_convert.Rd:10): Warning: missing </ul> before </div>
Flavors: r-devel-linux-x86_64-debian-clang, r-devel-linux-x86_64-debian-gcc