Last updated on 2025-10-24 09:50:06 CEST.
| Flavor | Version | Tinstall | Tcheck | Ttotal | Status | Flags |
|---|---|---|---|---|---|---|
| r-devel-linux-x86_64-debian-clang | 1.0.0 | 1.25 | 23.27 | 24.52 | NOTE | |
| r-devel-linux-x86_64-debian-gcc | 1.0.0 | 1.25 | 19.29 | 20.54 | NOTE | |
| r-devel-linux-x86_64-fedora-clang | 1.0.0 | 36.25 | OK | |||
| r-devel-linux-x86_64-fedora-gcc | 1.0.0 | 31.88 | OK | |||
| r-devel-windows-x86_64 | 1.0.0 | 3.00 | 45.00 | 48.00 | OK | |
| r-patched-linux-x86_64 | 1.0.0 | 1.46 | 21.03 | 22.49 | OK | |
| r-release-linux-x86_64 | 1.0.0 | 1.38 | 20.78 | 22.16 | OK | |
| r-release-macos-arm64 | 1.0.0 | 1.00 | 15.00 | 16.00 | OK | |
| r-release-macos-x86_64 | 1.0.0 | 1.00 | 28.00 | 29.00 | OK | |
| r-release-windows-x86_64 | 1.0.0 | 2.00 | 46.00 | 48.00 | OK | |
| r-oldrel-macos-arm64 | 1.0.0 | 1.00 | 14.00 | 15.00 | OK | |
| r-oldrel-macos-x86_64 | 1.0.0 | 1.00 | 21.00 | 22.00 | OK | |
| r-oldrel-windows-x86_64 | 1.0.0 | 3.00 | 47.00 | 50.00 | OK |
Version: 1.0.0
Check: CRAN incoming feasibility
Result: NOTE
Maintainer: ‘Erik Doffagne <erik.doffagne@gmail.com>’
No Authors@R field in DESCRIPTION.
Please add one, modifying
Authors@R: person(given = "Erik",
family = "Doffagne",
role = c("aut", "cre"),
email = "erik.doffagne@gmail.com")
as necessary.
Flavors: r-devel-linux-x86_64-debian-clang, r-devel-linux-x86_64-debian-gcc