Last updated on 2025-07-04 09:49:53 CEST.
Flavor | Version | Tinstall | Tcheck | Ttotal | Status | Flags |
---|---|---|---|---|---|---|
r-devel-linux-x86_64-debian-clang | 1.0.4 | 2.17 | 127.49 | 129.66 | NOTE | |
r-devel-linux-x86_64-debian-gcc | 1.0.4 | 1.88 | 191.63 | 193.51 | NOTE | |
r-devel-linux-x86_64-fedora-clang | 1.0.4 | 179.52 | OK | |||
r-devel-linux-x86_64-fedora-gcc | 1.0.4 | 184.51 | OK | |||
r-devel-windows-x86_64 | 1.0.4 | 6.00 | 222.00 | 228.00 | OK | |
r-patched-linux-x86_64 | 1.0.4 | 3.39 | 126.67 | 130.06 | OK | |
r-release-linux-x86_64 | 1.0.4 | 2.29 | 126.31 | 128.60 | OK | |
r-release-macos-arm64 | 1.0.4 | 99.00 | OK | |||
r-release-macos-x86_64 | 1.0.4 | 151.00 | OK | |||
r-release-windows-x86_64 | 1.0.4 | 4.00 | 215.00 | 219.00 | OK | |
r-oldrel-macos-arm64 | 1.0.4 | 88.00 | OK | |||
r-oldrel-macos-x86_64 | 1.0.4 | 111.00 | OK | |||
r-oldrel-windows-x86_64 | 1.0.4 | 6.00 | 218.00 | 224.00 | OK |
Version: 1.0.4
Check: CRAN incoming feasibility
Result: NOTE
Maintainer: ‘Irucka Embry <iembry@ecoccs.com>’
No Authors@R field in DESCRIPTION.
Please add one, modifying
Authors@R: person(given = "Irucka",
family = "Embry",
role = c("aut", "cre"),
email = "iembry@ecoccs.com")
as necessary.
Flavors: r-devel-linux-x86_64-debian-clang, r-devel-linux-x86_64-debian-gcc