Last updated on 2025-10-23 09:50:48 CEST.
| Flavor | Version | Tinstall | Tcheck | Ttotal | Status | Flags |
|---|---|---|---|---|---|---|
| r-devel-linux-x86_64-debian-clang | 0.1.1 | 23.36 | 30.17 | 53.53 | NOTE | |
| r-devel-linux-x86_64-debian-gcc | 0.1.1 | 20.35 | 24.45 | 44.80 | OK | |
| r-devel-linux-x86_64-fedora-clang | 0.1.1 | 66.00 | 22.76 | 88.76 | OK | |
| r-devel-linux-x86_64-fedora-gcc | 0.1.1 | 62.00 | 29.33 | 91.33 | OK | |
| r-devel-windows-x86_64 | 0.1.1 | 30.00 | 68.00 | 98.00 | OK | |
| r-patched-linux-x86_64 | 0.1.1 | 28.67 | 27.97 | 56.64 | OK | |
| r-release-linux-x86_64 | 0.1.1 | 26.48 | 28.02 | 54.50 | OK | |
| r-release-macos-arm64 | 0.1.1 | 11.00 | 19.00 | 30.00 | OK | |
| r-release-macos-x86_64 | 0.1.1 | 16.00 | 31.00 | 47.00 | OK | |
| r-release-windows-x86_64 | 0.1.1 | 34.00 | 71.00 | 105.00 | OK | |
| r-oldrel-macos-arm64 | 0.1.1 | 10.00 | 17.00 | 27.00 | OK | |
| r-oldrel-macos-x86_64 | 0.1.1 | 13.00 | 29.00 | 42.00 | OK | |
| r-oldrel-windows-x86_64 | 0.1.1 | 40.00 | 83.00 | 123.00 | OK |
Version: 0.1.1
Check: HTML version of manual
Result: NOTE
Found the following HTML validation problems:
imbibe.html:63:1 (imbibe.Rd:23): Warning: missing </ul> before </div>
Flavor: r-devel-linux-x86_64-debian-clang