Last updated on 2025-10-22 09:50:36 CEST.
Flavor | Version | Tinstall | Tcheck | Ttotal | Status | Flags |
---|---|---|---|---|---|---|
r-devel-linux-x86_64-debian-clang | 1.5-13 | 70.34 | 67.73 | 138.07 | NOTE | |
r-devel-linux-x86_64-debian-gcc | 1.5-13 | 47.91 | 47.07 | 94.98 | NOTE | |
r-devel-linux-x86_64-fedora-clang | 1.5-13 | 139.00 | 105.22 | 244.22 | OK | |
r-devel-linux-x86_64-fedora-gcc | 1.5-13 | 179.00 | 57.30 | 236.30 | OK | |
r-devel-windows-x86_64 | 1.5-13 | 81.00 | 108.00 | 189.00 | OK | |
r-patched-linux-x86_64 | 1.5-13 | 72.07 | 64.23 | 136.30 | OK | |
r-release-linux-x86_64 | 1.5-13 | 71.98 | 63.38 | 135.36 | OK | |
r-release-macos-arm64 | 1.5-13 | 28.00 | 34.00 | 62.00 | OK | |
r-release-macos-x86_64 | 1.5-13 | 29.00 | 60.00 | 89.00 | OK | |
r-release-windows-x86_64 | 1.5-13 | 81.00 | 102.00 | 183.00 | OK | |
r-oldrel-macos-arm64 | 1.5-13 | 26.00 | 31.00 | 57.00 | OK | |
r-oldrel-macos-x86_64 | 1.5-13 | 24.00 | 45.00 | 69.00 | OK | |
r-oldrel-windows-x86_64 | 1.5-13 | 94.00 | 128.00 | 222.00 | OK |
Version: 1.5-13
Check: CRAN incoming feasibility
Result: NOTE
Maintainer: ‘Alexander Robitzsch <robitzsch@ipn.uni-kiel.de>’
No Authors@R field in DESCRIPTION.
Please add one, modifying
Authors@R: c(person(given = "Alexander",
family = "Robitzsch",
role = c("aut", "cre"),
email = "robitzsch@ipn.uni-kiel.de"),
person(given = "Jan",
family = "Steinfeld",
role = "aut"))
as necessary.
Flavors: r-devel-linux-x86_64-debian-clang, r-devel-linux-x86_64-debian-gcc