Last updated on 2025-10-22 09:50:36 CEST.
Flavor | Version | Tinstall | Tcheck | Ttotal | Status | Flags |
---|---|---|---|---|---|---|
r-devel-linux-x86_64-debian-clang | 1.1.0 | 25.52 | 275.84 | 301.36 | NOTE | |
r-devel-linux-x86_64-debian-gcc | 1.1.0 | 17.53 | 180.23 | 197.76 | WARN | |
r-devel-linux-x86_64-fedora-clang | 1.1.1 | 32.00 | 239.66 | 271.66 | OK | |
r-devel-linux-x86_64-fedora-gcc | 1.1.1 | 40.00 | 251.96 | 291.96 | OK | |
r-devel-windows-x86_64 | 1.1.0 | 27.00 | 235.00 | 262.00 | OK | |
r-patched-linux-x86_64 | 1.1.0 | 20.86 | 261.16 | 282.02 | OK | |
r-release-linux-x86_64 | 1.1.0 | 22.43 | 258.70 | 281.13 | OK | |
r-release-macos-arm64 | 1.1.1 | 13.00 | 107.00 | 120.00 | OK | |
r-release-macos-x86_64 | 1.1.1 | 39.00 | 197.00 | 236.00 | OK | |
r-release-windows-x86_64 | 1.1.0 | 27.00 | 238.00 | 265.00 | OK | |
r-oldrel-macos-arm64 | 1.1.1 | 10.00 | 90.00 | 100.00 | OK | |
r-oldrel-macos-x86_64 | 1.1.1 | 26.00 | 213.00 | 239.00 | OK | |
r-oldrel-windows-x86_64 | 1.1.0 | 37.00 | 322.00 | 359.00 | OK |
Version: 1.1.0
Check: HTML version of manual
Result: NOTE
Found the following HTML validation problems:
Nop.html:346:1 (Nop.Rd:219): Warning: <h5> anchor "Usage" already defined
Nop.html:352:1 (Nop.Rd:223): Warning: <h5> anchor "Arguments" already defined
Nop.html:408:1 (Nop.Rd:253): Warning: <h5> anchor "Usage" already defined
Nop.html:421:1 (Nop.Rd:264): Warning: <h5> anchor "Arguments" already defined
Nop.html:447:1 (Nop.Rd:280): Warning: <h5> anchor "Usage" already defined
Nop.html:460:1 (Nop.Rd:291): Warning: <h5> anchor "Arguments" already defined
Nop.html:486:1 (Nop.Rd:307): Warning: <h5> anchor "Usage" already defined
Nop.html:492:1 (Nop.Rd:311): Warning: <h5> anchor "Arguments" already defined
Nop.html:515:1 (Nop.Rd:324): Warning: <h5> anchor "Usage" already defined
Nop.html:525:1 (Nop.Rd:332): Warning: <h5> anchor "Arguments" already defined
Nop.html:557:1 (Nop.Rd:354): Warning: <h5> anchor "Usage" already defined
Nop.html:563:1 (Nop.Rd:358): Warning: <h5> anchor "Arguments" already defined
Nop.html:591:1 (Nop.Rd:376): Warning: <h5> anchor "Usage" already defined
Nop.html:597:1 (Nop.Rd:380): Warning: <h5> anchor "Arguments" already defined
Nop.html:623:1 (Nop.Rd:396): Warning: <h5> anchor "Usage" already defined
Nop.html:632:1 (Nop.Rd:403): Warning: <h5> anchor "Arguments" already defined
Nop.html:660:1 (Nop.Rd:421): Warning: <h5> anchor "Usage" already defined
Nop.html:666:1 (Nop.Rd:425): Warning: <h5> anchor "Arguments" already defined
Nop.html:697:1 (Nop.Rd:446): Warning: <h5> anchor "Usage" already defined
Nop.html:703:1 (Nop.Rd:450): Warning: <h5> anchor "Arguments" already defined
Nop.html:734:1 (Nop.Rd:471): Warning: <h5> anchor "Usage" already defined
Nop.html:740:1 (Nop.Rd:475): Warning: <h5> anchor "Arguments" already defined
Nop.html:764:1 (Nop.Rd:489): Warning: <h5> anchor "Usage" already defined
Nop.html:770:1 (Nop.Rd:493): Warning: <h5> anchor "Arguments" already defined
Nop.html:809:1 (Nop.Rd:513): Warning: <h5> anchor "Usage" already defined
Nop.html:815:1 (Nop.Rd:517): Warning: <h5> anchor "Arguments" already defined
Nop.html:863:1 (Nop.Rd:542): Warning: <h5> anchor "Usage" already defined
Nop.html:869:1 (Nop.Rd:546): Warning: <h5> anchor "Arguments" already defined
Nop.html:894:1 (Nop.Rd:561): Warning: <h5> anchor "Usage" already defined
Nop.html:910:1 (Nop.Rd:571): Warning: <h5> anchor "Usage" already defined
Nop.html:925:1 (Nop.Rd:584): Warning: <h5> anchor "Arguments" already defined
Nop.html:1014:1 (Nop.Rd:643): Warning: <h5> anchor "Usage" already defined
Nop.html:1026:1 (Nop.Rd:653): Warning: <h5> anchor "Arguments" already defined
Nop.html:1085:1 (Nop.Rd:690): Warning: <h5> anchor "Usage" already defined
Nop.html:1098:1 (Nop.Rd:701): Warning: <h5> anchor "Arguments" already defined
Nop.html:1167:1 (Nop.Rd:743): Warning: <h5> anchor "Usage" already defined
Nop.html:1173:1 (Nop.Rd:747): Warning: <h5> anchor "Arguments" already defined
Flavors: r-devel-linux-x86_64-debian-clang, r-devel-linux-x86_64-debian-gcc
Version: 1.1.0
Check: whether package can be installed
Result: WARN
Found the following significant warnings:
Warning: namespace ‘fHMM’ is not available and has been replaced
Flavor: r-devel-linux-x86_64-debian-gcc