CRAN Package Check Results for Package installr

Last updated on 2025-10-22 09:50:36 CEST.

Flavor Version Tinstall Tcheck Ttotal Status Flags
r-devel-linux-x86_64-debian-clang 0.23.4 5.41 67.78 73.19 NOTE
r-devel-linux-x86_64-debian-gcc 0.23.4 3.37 47.56 50.93 NOTE
r-devel-linux-x86_64-fedora-clang 0.23.4 15.00 95.68 110.68 NOTE
r-devel-linux-x86_64-fedora-gcc 0.23.4 12.00 102.13 114.13 NOTE
r-devel-windows-x86_64 0.23.4 7.00 83.00 90.00 NOTE
r-patched-linux-x86_64 0.23.4 6.87 51.85 58.72 NOTE
r-release-linux-x86_64 0.23.4 5.23 52.17 57.40 NOTE
r-release-macos-arm64 0.23.4 3.00 41.00 44.00 NOTE
r-release-macos-x86_64 0.23.4 4.00 73.00 77.00 NOTE
r-release-windows-x86_64 0.23.4 7.00 83.00 90.00 NOTE
r-oldrel-macos-arm64 0.23.4 2.00 33.00 35.00 NOTE
r-oldrel-macos-x86_64 0.23.4 4.00 43.00 47.00 NOTE
r-oldrel-windows-x86_64 0.23.4 10.00 95.00 105.00 NOTE

Check Details

Version: 0.23.4
Check: Rd files
Result: NOTE checkRd: (-1) ask.user.yn.question.Rd:44: Lost braces; missing escapes or markup? 44 | menu in the {utils} package, yesno in the {devtools} package. | ^ checkRd: (-1) ask.user.yn.question.Rd:44: Lost braces; missing escapes or markup? 44 | menu in the {utils} package, yesno in the {devtools} package. | ^ checkRd: (-1) install.FFmpeg.Rd:25: Lost braces; missing escapes or markup? 25 | This function is useful for saveVideo() in the {animation} package. | ^ checkRd: (-1) install.SWFTools.Rd:27: Lost braces; missing escapes or markup? 27 | This function is useful for saveSWF() in the {animation} package. | ^ checkRd: (-1) os.shutdown.Rd:25: Lost braces; missing escapes or markup? 25 | This function is a modified version of Yihui's shutdown function from the {fun} package. | ^ Flavors: r-devel-linux-x86_64-debian-clang, r-devel-linux-x86_64-debian-gcc, r-devel-linux-x86_64-fedora-clang, r-devel-linux-x86_64-fedora-gcc, r-devel-windows-x86_64, r-patched-linux-x86_64, r-release-linux-x86_64, r-release-macos-arm64, r-release-macos-x86_64, r-release-windows-x86_64, r-oldrel-macos-arm64, r-oldrel-macos-x86_64, r-oldrel-windows-x86_64

Version: 0.23.4
Check: HTML version of manual
Result: NOTE Found the following HTML validation problems: add_load_installr_on_startup_menu.html:46:1 (add_load_installr_on_startup_menu.Rd:10): Warning: missing </ul> before </div> add_remove_installr_from_startup_menu.html:46:1 (add_remove_installr_from_startup_menu.Rd:10): Warning: missing </ul> before </div> Flavors: r-devel-linux-x86_64-debian-clang, r-devel-linux-x86_64-debian-gcc

Version: 0.23.4
Check: for non-standard things in the check directory
Result: NOTE Found the following files/directories: ‘pkgbuild’ Flavor: r-devel-linux-x86_64-fedora-gcc