CRAN Package Check Results for Package invctr

Last updated on 2025-07-04 09:49:53 CEST.

Flavor Version Tinstall Tcheck Ttotal Status Flags
r-devel-linux-x86_64-debian-clang 0.2.0 2.32 30.52 32.84 NOTE
r-devel-linux-x86_64-debian-gcc 0.2.0 1.83 24.44 26.27 NOTE
r-devel-linux-x86_64-fedora-clang 0.2.0 52.67 OK
r-devel-linux-x86_64-fedora-gcc 0.2.0 65.32 OK
r-devel-windows-x86_64 0.2.0 4.00 51.00 55.00 OK
r-patched-linux-x86_64 0.2.0 3.01 28.81 31.82 OK
r-release-linux-x86_64 0.2.0 2.36 28.92 31.28 OK
r-release-macos-arm64 0.2.0 29.00 OK
r-release-macos-x86_64 0.2.0 52.00 OK
r-release-windows-x86_64 0.2.0 5.00 52.00 57.00 OK
r-oldrel-macos-arm64 0.2.0 28.00 OK
r-oldrel-macos-x86_64 0.2.0 45.00 OK
r-oldrel-windows-x86_64 0.2.0 5.00 60.00 65.00 OK

Check Details

Version: 0.2.0
Check: CRAN incoming feasibility
Result: NOTE Maintainer: ‘Fred Hasselman <fred.hasselman@ru.nl>’ Package CITATION file contains call(s) to old-style citEntry(). Please use bibentry() instead. Flavors: r-devel-linux-x86_64-debian-clang, r-devel-linux-x86_64-debian-gcc