Last updated on 2025-07-04 09:49:54 CEST.
Flavor | Version | Tinstall | Tcheck | Ttotal | Status | Flags |
---|---|---|---|---|---|---|
r-devel-linux-x86_64-debian-clang | 0.2.9 | 131.16 | 181.23 | 312.39 | OK | |
r-devel-linux-x86_64-debian-gcc | 0.2.9 | 100.86 | 115.78 | 216.64 | OK | |
r-devel-linux-x86_64-fedora-clang | 0.2.9 | 535.58 | OK | |||
r-devel-linux-x86_64-fedora-gcc | 0.2.9 | 541.04 | OK | |||
r-devel-windows-x86_64 | 0.2.9 | 144.00 | 209.00 | 353.00 | OK | |
r-patched-linux-x86_64 | 0.2.9 | 153.62 | 171.21 | 324.83 | OK | |
r-release-linux-x86_64 | 0.2.9 | 147.10 | 170.82 | 317.92 | OK | |
r-release-macos-arm64 | 0.2.9 | 115.00 | OK | |||
r-release-macos-x86_64 | 0.2.9 | 202.00 | OK | |||
r-release-windows-x86_64 | 0.2.9 | 148.00 | 208.00 | 356.00 | OK | |
r-oldrel-macos-arm64 | 0.2.9 | 117.00 | NOTE | |||
r-oldrel-macos-x86_64 | 0.2.9 | 160.00 | NOTE | |||
r-oldrel-windows-x86_64 | 0.2.9 | 146.00 | 271.00 | 417.00 | OK |
Version: 0.2.9
Check: installed package size
Result: NOTE
installed size is 9.8Mb
sub-directories of 1Mb or more:
libs 8.1Mb
Flavors: r-oldrel-macos-arm64, r-oldrel-macos-x86_64