Last updated on 2025-10-22 09:50:37 CEST.
Flavor | Version | Tinstall | Tcheck | Ttotal | Status | Flags |
---|---|---|---|---|---|---|
r-devel-linux-x86_64-debian-clang | 0.3.0 | 28.64 | 269.52 | 298.16 | NOTE | |
r-devel-linux-x86_64-debian-gcc | 0.3.0 | 17.39 | 167.32 | 184.71 | NOTE | |
r-devel-linux-x86_64-fedora-clang | 0.3.0 | 86.00 | 374.67 | 460.67 | OK | |
r-devel-linux-x86_64-fedora-gcc | 0.3.0 | 57.00 | 374.50 | 431.50 | OK | |
r-devel-windows-x86_64 | 0.3.0 | 25.00 | 208.00 | 233.00 | OK | |
r-patched-linux-x86_64 | 0.3.0 | 27.04 | 255.53 | 282.57 | OK | |
r-release-linux-x86_64 | 0.3.0 | 27.14 | 255.30 | 282.44 | OK | |
r-release-macos-arm64 | 0.3.0 | 13.00 | 96.00 | 109.00 | OK | |
r-release-macos-x86_64 | 0.3.0 | 28.00 | 203.00 | 231.00 | OK | |
r-release-windows-x86_64 | 0.3.0 | 25.00 | 210.00 | 235.00 | OK | |
r-oldrel-macos-arm64 | 0.3.0 | 11.00 | 93.00 | 104.00 | OK | |
r-oldrel-macos-x86_64 | 0.3.0 | 18.00 | 148.00 | 166.00 | OK | |
r-oldrel-windows-x86_64 | 0.3.0 | 35.00 | 302.00 | 337.00 | OK |
Version: 0.3.0
Check: HTML version of manual
Result: NOTE
Found the following HTML validation problems:
dot-assignmentMaker.html:62:1 (dot-assignmentMaker.Rd:18): Warning: missing </ul> before </div>
Flavors: r-devel-linux-x86_64-debian-clang, r-devel-linux-x86_64-debian-gcc