CRAN Package Check Results for Package itsadug

Last updated on 2025-07-04 09:49:54 CEST.

Flavor Version Tinstall Tcheck Ttotal Status Flags
r-devel-linux-x86_64-debian-clang 2.4.1 11.72 107.61 119.33 NOTE
r-devel-linux-x86_64-debian-gcc 2.4.1 8.20 74.76 82.96 NOTE
r-devel-linux-x86_64-fedora-clang 2.4.1 179.90 OK
r-devel-linux-x86_64-fedora-gcc 2.4.1 306.78 OK
r-devel-windows-x86_64 2.4.1 14.00 123.00 137.00 NOTE
r-patched-linux-x86_64 2.4.1 14.77 101.75 116.52 NOTE
r-release-linux-x86_64 2.4.1 11.91 101.16 113.07 NOTE
r-release-macos-arm64 2.4.1 131.00 OK
r-release-macos-x86_64 2.4.1 335.00 OK
r-release-windows-x86_64 2.4.1 13.00 125.00 138.00 NOTE
r-oldrel-macos-arm64 2.4.1 111.00 OK
r-oldrel-macos-x86_64 2.4.1 173.00 OK
r-oldrel-windows-x86_64 2.4.1 18.00 158.00 176.00 OK

Check Details

Version: 2.4.1
Check: Rd cross-references
Result: NOTE Found the following Rd file(s) with Rd \link{} targets missing package anchors: fvisgam.Rd: gradientLegend plot_diff2.Rd: gradientLegend plot_parametric.Rd: dotplot_error plot_pca_surface.Rd: gradientLegend plot_topo.Rd: gradientLegend pvisgam.Rd: gradientLegend Please provide package anchors for all Rd \link{} targets not in the package itself and the base packages. Flavors: r-devel-linux-x86_64-debian-clang, r-devel-linux-x86_64-debian-gcc, r-devel-windows-x86_64, r-patched-linux-x86_64, r-release-linux-x86_64, r-release-windows-x86_64