Last updated on 2025-10-22 09:50:37 CEST.
Flavor | Version | Tinstall | Tcheck | Ttotal | Status | Flags |
---|---|---|---|---|---|---|
r-devel-linux-x86_64-debian-clang | 0.2.0 | 5.96 | 77.80 | 83.76 | NOTE | |
r-devel-linux-x86_64-debian-gcc | 0.2.0 | 4.12 | 55.37 | 59.49 | NOTE | |
r-devel-linux-x86_64-fedora-clang | 0.2.0 | 14.00 | 109.97 | 123.97 | OK | |
r-devel-linux-x86_64-fedora-gcc | 0.2.0 | 11.00 | 114.96 | 125.96 | OK | |
r-devel-windows-x86_64 | 0.2.0 | 7.00 | 95.00 | 102.00 | OK | |
r-patched-linux-x86_64 | 0.2.0 | 6.19 | 72.75 | 78.94 | OK | |
r-release-linux-x86_64 | 0.2.0 | 5.11 | 72.63 | 77.74 | OK | |
r-release-macos-arm64 | 0.2.0 | 3.00 | 51.00 | 54.00 | OK | |
r-release-macos-x86_64 | 0.2.0 | 4.00 | 98.00 | 102.00 | OK | |
r-release-windows-x86_64 | 0.2.0 | 7.00 | 104.00 | 111.00 | OK | |
r-oldrel-macos-arm64 | 0.2.0 | 2.00 | 39.00 | 41.00 | OK | |
r-oldrel-macos-x86_64 | 0.2.0 | 4.00 | 63.00 | 67.00 | OK | |
r-oldrel-windows-x86_64 | 0.2.0 | 9.00 | 120.00 | 129.00 | OK |
Version: 0.2.0
Check: HTML version of manual
Result: NOTE
Found the following HTML validation problems:
iv-set-pairwise-deprecated.html:78:1 (iv-set-pairwise-deprecated.Rd:27): Warning: missing </ul> before </div>
iv-sets-deprecated.html:94:1 (iv-sets-deprecated.Rd:37): Warning: missing </ul> before </div>
Flavors: r-devel-linux-x86_64-debian-clang, r-devel-linux-x86_64-debian-gcc