Last updated on 2025-10-22 09:50:37 CEST.
Flavor | Version | Tinstall | Tcheck | Ttotal | Status | Flags |
---|---|---|---|---|---|---|
r-devel-linux-x86_64-debian-clang | 2.7.7 | 30.03 | 37.87 | 67.90 | NOTE | |
r-devel-linux-x86_64-debian-gcc | 2.7.7 | 17.29 | 28.85 | 46.14 | NOTE | |
r-devel-linux-x86_64-fedora-clang | 2.7.7 | 82.00 | 27.23 | 109.23 | OK | |
r-devel-linux-x86_64-fedora-gcc | 2.7.7 | 63.00 | 34.11 | 97.11 | OK | |
r-devel-windows-x86_64 | 2.7.7 | 27.00 | 56.00 | 83.00 | OK | |
r-patched-linux-x86_64 | 2.7.7 | 28.57 | 36.22 | 64.79 | OK | |
r-release-linux-x86_64 | 2.7.7 | 29.57 | 35.99 | 65.56 | OK | |
r-release-macos-arm64 | 2.7.7 | 13.00 | 45.00 | 58.00 | OK | |
r-release-macos-x86_64 | 2.7.7 | 25.00 | 72.00 | 97.00 | OK | |
r-release-windows-x86_64 | 2.7.7 | 25.00 | 58.00 | 83.00 | OK | |
r-oldrel-macos-arm64 | 2.7.7 | 12.00 | 51.00 | 63.00 | OK | |
r-oldrel-macos-x86_64 | 2.7.7 | 27.00 | 59.00 | 86.00 | OK | |
r-oldrel-windows-x86_64 | 2.7.7 | 32.00 | 67.00 | 99.00 | OK |
Version: 2.7.7
Check: HTML version of manual
Result: NOTE
Found the following HTML validation problems:
canBeNumeric.html:46:1 (canBeNumeric.Rd:10): Warning: missing </ul> before </div>
create.html:66:1 (create.Rd:20): Warning: missing </ul> before </div>
dot-..html:50:1 (dot-..Rd:12): Warning: missing </ul> before </div>
dot-.html:50:1 (dot-.Rd:12): Warning: missing </ul> before </div>
extractErrorMessage.html:46:1 (extractErrorMessage.Rd:10): Warning: missing </ul> before </div>
marshalFormula.html:71:1 (marshalFormula.Rd:23): Warning: missing </ul> before </div>
reject.html:56:1 (reject.Rd:17): Warning: missing </ul> before </div>
startsWith.html:57:1 (startsWith.Rd:17): Warning: missing </ul> before </div>
toB64.html:49:1 (toB64.Rd:13): Warning: missing </ul> before </div>
toNumeric.html:47:1 (toNumeric.Rd:10): Warning: missing </ul> before </div>
Flavors: r-devel-linux-x86_64-debian-clang, r-devel-linux-x86_64-debian-gcc