CRAN Package Check Results for Package jointDiag

Last updated on 2025-10-22 09:50:37 CEST.

Flavor Version Tinstall Tcheck Ttotal Status Flags
r-devel-linux-x86_64-debian-clang 0.4 2.97 21.20 24.17 NOTE
r-devel-linux-x86_64-debian-gcc 0.4 2.64 17.54 20.18 NOTE
r-devel-linux-x86_64-fedora-clang 0.4 37.89 OK
r-devel-linux-x86_64-fedora-gcc 0.4 32.78 OK
r-devel-windows-x86_64 0.4 7.00 41.00 48.00 OK
r-patched-linux-x86_64 0.4 3.02 20.11 23.13 OK
r-release-linux-x86_64 0.4 2.93 20.15 23.08 OK
r-release-macos-arm64 0.4 3.00 13.00 16.00 OK
r-release-macos-x86_64 0.4 4.00 22.00 26.00 OK
r-release-windows-x86_64 0.4 7.00 45.00 52.00 OK
r-oldrel-macos-arm64 0.4 2.00 13.00 15.00 OK
r-oldrel-macos-x86_64 0.4 3.00 19.00 22.00 OK
r-oldrel-windows-x86_64 0.4 7.00 41.00 48.00 OK

Check Details

Version: 0.4
Check: CRAN incoming feasibility
Result: NOTE Maintainer: ‘Cedric Gouy-Pailler <cedric.gouypailler@gmail.com>’ No Authors@R field in DESCRIPTION. Please add one, modifying Authors@R: person(given = "Cedric", family = "Gouy-Pailler", role = c("aut", "cre"), email = "cedric.gouypailler@gmail.com") as necessary. Flavors: r-devel-linux-x86_64-debian-clang, r-devel-linux-x86_64-debian-gcc