Last updated on 2025-10-22 09:50:37 CEST.
Flavor | Version | Tinstall | Tcheck | Ttotal | Status | Flags |
---|---|---|---|---|---|---|
r-devel-linux-x86_64-debian-clang | 1.2.1 | 2.26 | 30.62 | 32.88 | NOTE | |
r-devel-linux-x86_64-debian-gcc | 1.2.1 | 1.59 | 24.67 | 26.26 | NOTE | |
r-devel-linux-x86_64-fedora-clang | 1.2.1 | 50.94 | OK | |||
r-devel-linux-x86_64-fedora-gcc | 1.2.1 | 62.14 | OK | |||
r-devel-windows-x86_64 | 1.2.1 | 4.00 | 51.00 | 55.00 | OK | |
r-patched-linux-x86_64 | 1.2.1 | 2.10 | 29.30 | 31.40 | OK | |
r-release-linux-x86_64 | 1.2.1 | 1.52 | 29.30 | 30.82 | OK | |
r-release-macos-arm64 | 1.2.1 | 1.00 | 30.00 | 31.00 | OK | |
r-release-macos-x86_64 | 1.2.1 | 3.00 | 48.00 | 51.00 | OK | |
r-release-windows-x86_64 | 1.2.1 | 3.00 | 52.00 | 55.00 | OK | |
r-oldrel-macos-arm64 | 1.2.1 | 1.00 | 27.00 | 28.00 | OK | |
r-oldrel-macos-x86_64 | 1.2.1 | 2.00 | 77.00 | 79.00 | OK | |
r-oldrel-windows-x86_64 | 1.2.1 | 4.00 | 59.00 | 63.00 | OK |
Version: 1.2.1
Check: HTML version of manual
Result: NOTE
Found the following HTML validation problems:
base64url_encode.html:55:1 (base64url_encode.Rd:15): Warning: missing </ul> before </div>
jwt_claim.html:87:1 (jwt_claim.Rd:36): Warning: missing </ul> before </div>
Flavors: r-devel-linux-x86_64-debian-clang, r-devel-linux-x86_64-debian-gcc