CRAN Package Check Results for Package jqbr

Last updated on 2025-07-04 09:49:54 CEST.

Flavor Version Tinstall Tcheck Ttotal Status Flags
r-devel-linux-x86_64-debian-clang 1.0.3 3.60 34.82 38.42 NOTE
r-devel-linux-x86_64-debian-gcc 1.0.3 2.78 27.51 30.29 NOTE
r-devel-linux-x86_64-fedora-clang 1.0.3 56.55 OK
r-devel-linux-x86_64-fedora-gcc 1.0.3 51.41 OK
r-devel-windows-x86_64 1.0.3 6.00 54.00 60.00 NOTE
r-patched-linux-x86_64 1.0.3 3.36 32.36 35.72 NOTE
r-release-linux-x86_64 1.0.3 3.35 32.03 35.38 NOTE
r-release-macos-arm64 1.0.3 28.00 OK
r-release-macos-x86_64 1.0.3 44.00 OK
r-release-windows-x86_64 1.0.3 5.00 52.00 57.00 NOTE
r-oldrel-macos-arm64 1.0.3 20.00 OK
r-oldrel-macos-x86_64 1.0.3 31.00 OK
r-oldrel-windows-x86_64 1.0.3 7.00 63.00 70.00 OK

Check Details

Version: 1.0.3
Check: Rd cross-references
Result: NOTE Found the following Rd file(s) with Rd \link{} targets missing package anchors: queryBuilderInput.Rd: shiny Please provide package anchors for all Rd \link{} targets not in the package itself and the base packages. Flavors: r-devel-linux-x86_64-debian-clang, r-devel-linux-x86_64-debian-gcc, r-devel-windows-x86_64, r-patched-linux-x86_64, r-release-linux-x86_64, r-release-windows-x86_64