Last updated on 2025-10-22 09:50:37 CEST.
Flavor | Version | Tinstall | Tcheck | Ttotal | Status | Flags |
---|---|---|---|---|---|---|
r-devel-linux-x86_64-debian-clang | 0.1.1 | 25.08 | 547.22 | 572.30 | NOTE | |
r-devel-linux-x86_64-debian-gcc | 0.1.1 | 16.13 | 328.43 | 344.56 | NOTE | |
r-devel-linux-x86_64-fedora-clang | 0.1.1 | 124.00 | 862.43 | 986.43 | OK | |
r-devel-linux-x86_64-fedora-gcc | 0.1.1 | 51.00 | 810.22 | 861.22 | OK | |
r-devel-windows-x86_64 | 0.1.1 | 27.00 | 507.00 | 534.00 | OK | |
r-patched-linux-x86_64 | 0.1.1 | 26.69 | 512.45 | 539.14 | OK | |
r-release-linux-x86_64 | 0.1.1 | 23.49 | 513.14 | 536.63 | OK | |
r-release-macos-arm64 | 0.1.1 | 9.00 | 188.00 | 197.00 | OK | |
r-release-macos-x86_64 | 0.1.1 | 22.00 | 424.00 | 446.00 | OK | |
r-release-windows-x86_64 | 0.1.1 | 27.00 | 505.00 | 532.00 | OK | |
r-oldrel-macos-arm64 | 0.1.1 | 10.00 | 190.00 | 200.00 | OK | |
r-oldrel-macos-x86_64 | 0.1.1 | 18.00 | 415.00 | 433.00 | OK | |
r-oldrel-windows-x86_64 | 0.1.1 | 36.00 | 707.00 | 743.00 | OK |
Version: 0.1.1
Check: HTML version of manual
Result: NOTE
Found the following HTML validation problems:
ac_blank_line.html:52:1 (ac_blank_line.Rd:14): Warning: missing </ul> before </div>
lsmeans_wide_second_split_fun_fct.html:50:1 (lsmeans_wide_second_split_fun_fct.Rd:12): Warning: missing </ul> before </div>
smart_colwidths_1page.html:78:1 (smart_colwidths_1page.Rd:30): Warning: missing </ul> before </div>
tefos03_afun.html:69:1 (tefos03_afun.Rd:23): Warning: missing </ul> before </div>
Flavors: r-devel-linux-x86_64-debian-clang, r-devel-linux-x86_64-debian-gcc