Last updated on 2025-07-03 09:50:44 CEST.
Flavor | Version | Tinstall | Tcheck | Ttotal | Status | Flags |
---|---|---|---|---|---|---|
r-devel-linux-x86_64-debian-clang | 1.1 | 12.62 | 42.97 | 55.59 | NOTE | |
r-devel-linux-x86_64-debian-gcc | 1.1 | 11.67 | 31.56 | 43.23 | NOTE | |
r-devel-linux-x86_64-fedora-clang | 1.1 | 92.07 | OK | |||
r-devel-linux-x86_64-fedora-gcc | 1.1 | 86.73 | OK | |||
r-devel-windows-x86_64 | 1.1 | 17.00 | 79.00 | 96.00 | OK | |
r-patched-linux-x86_64 | 1.1 | 15.84 | 40.44 | 56.28 | OK | |
r-release-linux-x86_64 | 1.1 | 16.18 | 40.49 | 56.67 | OK | |
r-release-macos-arm64 | 1.1 | 30.00 | OK | |||
r-release-macos-x86_64 | 1.1 | 51.00 | OK | |||
r-release-windows-x86_64 | 1.1 | 18.00 | 81.00 | 99.00 | OK | |
r-oldrel-macos-arm64 | 1.1 | 29.00 | OK | |||
r-oldrel-macos-x86_64 | 1.1 | 42.00 | OK | |||
r-oldrel-windows-x86_64 | 1.1 | 19.00 | 93.00 | 112.00 | OK |
Version: 1.1
Check: CRAN incoming feasibility
Result: NOTE
Maintainer: ‘Hoseung Song <hosong@ucdavis.edu>’
The Description field contains
(2022) <arXiv:2206.01853>.
Please refer to arXiv e-prints via their arXiv DOI <doi:10.48550/arXiv.YYMM.NNNNN>.
Flavors: r-devel-linux-x86_64-debian-clang, r-devel-linux-x86_64-debian-gcc