CRAN Package Check Results for Package kernhaz

Last updated on 2025-10-22 09:50:37 CEST.

Flavor Version Tinstall Tcheck Ttotal Status Flags
r-devel-linux-x86_64-debian-clang 0.1.0 4.63 51.36 55.99 OK
r-devel-linux-x86_64-debian-gcc 0.1.0 3.73 38.08 41.81 OK
r-devel-linux-x86_64-fedora-clang 0.1.0 27.00 62.81 89.81 OK
r-devel-linux-x86_64-fedora-gcc 0.1.0 12.00 67.08 79.08 OK
r-devel-windows-x86_64 0.1.0 7.00 344.00 351.00 OK
r-patched-linux-x86_64 0.1.0 4.94 49.17 54.11 OK
r-release-linux-x86_64 0.1.0 4.91 48.89 53.80 OK
r-release-macos-arm64 0.1.0 3.00 32.00 35.00 OK
r-release-macos-x86_64 0.1.0 4.00 52.00 56.00 OK
r-release-windows-x86_64 0.1.0 7.00 67.00 74.00 OK
r-oldrel-macos-arm64 0.1.0 2.00 25.00 27.00 NOTE
r-oldrel-macos-x86_64 0.1.0 3.00 39.00 42.00 NOTE
r-oldrel-windows-x86_64 0.1.0 9.00 82.00 91.00 NOTE

Check Details

Version: 0.1.0
Check: LazyData
Result: NOTE 'LazyData' is specified without a 'data' directory Flavors: r-oldrel-macos-arm64, r-oldrel-macos-x86_64, r-oldrel-windows-x86_64