Last updated on 2025-10-22 09:50:37 CEST.
Flavor | Version | Tinstall | Tcheck | Ttotal | Status | Flags |
---|---|---|---|---|---|---|
r-devel-linux-x86_64-debian-clang | 0.3.1 | 3.35 | 30.84 | 34.19 | NOTE | |
r-devel-linux-x86_64-debian-gcc | 0.3.1 | 2.07 | 24.28 | 26.35 | NOTE | |
r-devel-linux-x86_64-fedora-clang | 0.3.1 | 12.00 | 43.03 | 55.03 | OK | |
r-devel-linux-x86_64-fedora-gcc | 0.3.1 | 48.51 | OK | |||
r-devel-windows-x86_64 | 0.3.1 | 4.00 | 76.00 | 80.00 | OK | |
r-patched-linux-x86_64 | 0.3.1 | 3.20 | 29.10 | 32.30 | OK | |
r-release-linux-x86_64 | 0.3.1 | 2.77 | 29.58 | 32.35 | OK | |
r-release-macos-arm64 | 0.3.1 | 1.00 | 20.00 | 21.00 | OK | |
r-release-macos-x86_64 | 0.3.1 | 2.00 | 31.00 | 33.00 | OK | |
r-release-windows-x86_64 | 0.3.1 | 4.00 | 64.00 | 68.00 | OK | |
r-oldrel-macos-arm64 | 0.3.1 | 2.00 | 18.00 | 20.00 | OK | |
r-oldrel-macos-x86_64 | 0.3.1 | 2.00 | 30.00 | 32.00 | OK | |
r-oldrel-windows-x86_64 | 0.3.1 | 6.00 | 67.00 | 73.00 | OK |
Version: 0.3.1
Check: HTML version of manual
Result: NOTE
Found the following HTML validation problems:
mc_exists.html:46:1 (mc_exists.Rd:10): Warning: missing </ul> before </div>
miniconda_conda.html:46:1 (miniconda_conda.Rd:10): Warning: missing </ul> before </div>
Flavors: r-devel-linux-x86_64-debian-clang, r-devel-linux-x86_64-debian-gcc