Last updated on 2025-10-22 09:50:37 CEST.
Flavor | Version | Tinstall | Tcheck | Ttotal | Status | Flags |
---|---|---|---|---|---|---|
r-devel-linux-x86_64-debian-clang | 1.0.1 | 5.94 | 61.31 | 67.25 | NOTE | |
r-devel-linux-x86_64-debian-gcc | 1.0.1 | 4.64 | 47.47 | 52.11 | NOTE | |
r-devel-linux-x86_64-fedora-clang | 1.0.1 | 33.00 | 78.98 | 111.98 | OK | |
r-devel-linux-x86_64-fedora-gcc | 1.0.1 | 12.00 | 95.61 | 107.61 | OK | |
r-devel-windows-x86_64 | 1.0.1 | 8.00 | 93.00 | 101.00 | OK | |
r-patched-linux-x86_64 | 1.0.1 | 6.49 | 58.58 | 65.07 | OK | |
r-release-linux-x86_64 | 1.0.1 | 6.18 | 59.14 | 65.32 | OK | |
r-release-macos-arm64 | 1.0.1 | 3.00 | 51.00 | 54.00 | OK | |
r-release-macos-x86_64 | 1.0.1 | 6.00 | 97.00 | 103.00 | OK | |
r-release-windows-x86_64 | 1.0.1 | 8.00 | 89.00 | 97.00 | OK | |
r-oldrel-macos-arm64 | 1.0.1 | 3.00 | 41.00 | 44.00 | OK | |
r-oldrel-macos-x86_64 | 1.0.1 | 4.00 | 66.00 | 70.00 | OK | |
r-oldrel-windows-x86_64 | 1.0.1 | 10.00 | 116.00 | 126.00 | OK |
Version: 1.0.1
Check: CRAN incoming feasibility
Result: NOTE
Maintainer: ‘Xiang Lyu <xianglyu@berkeley.edu>’
The Description field contains
Nonparametric Additive Models”. arXiv preprint <arXiv:2105.11659>.
Please refer to arXiv e-prints via their arXiv DOI <doi:10.48550/arXiv.YYMM.NNNNN>.
Flavors: r-devel-linux-x86_64-debian-clang, r-devel-linux-x86_64-debian-gcc