CRAN Package Check Results for Package kntnr

Last updated on 2025-10-22 09:50:37 CEST.

Flavor Version Tinstall Tcheck Ttotal Status Flags
r-devel-linux-x86_64-debian-clang 0.4.4 3.81 40.56 44.37 NOTE
r-devel-linux-x86_64-debian-gcc 0.4.4 2.93 30.33 33.26 NOTE
r-devel-linux-x86_64-fedora-clang 0.4.4 32.00 41.24 73.24 OK
r-devel-linux-x86_64-fedora-gcc 0.4.4 61.10 OK
r-devel-windows-x86_64 0.4.4 5.00 56.00 61.00 OK
r-patched-linux-x86_64 0.4.4 4.42 38.46 42.88 OK
r-release-linux-x86_64 0.4.4 3.57 37.20 40.77 OK
r-release-macos-arm64 0.4.4 2.00 21.00 23.00 OK
r-release-macos-x86_64 0.4.4 4.00 36.00 40.00 OK
r-release-windows-x86_64 0.4.4 7.00 56.00 63.00 OK
r-oldrel-macos-arm64 0.4.4 2.00 23.00 25.00 NOTE
r-oldrel-macos-x86_64 0.4.4 3.00 31.00 34.00 NOTE
r-oldrel-windows-x86_64 0.4.4 7.00 65.00 72.00 NOTE

Check Details

Version: 0.4.4
Check: HTML version of manual
Result: NOTE Found the following HTML validation problems: kntn_unnest.html:48:1 (kntn_unnest.Rd:10): Warning: missing </ul> before </div> Flavors: r-devel-linux-x86_64-debian-clang, r-devel-linux-x86_64-debian-gcc

Version: 0.4.4
Check: LazyData
Result: NOTE 'LazyData' is specified without a 'data' directory Flavors: r-oldrel-macos-arm64, r-oldrel-macos-x86_64, r-oldrel-windows-x86_64