Last updated on 2025-10-22 09:50:37 CEST.
Flavor | Version | Tinstall | Tcheck | Ttotal | Status | Flags |
---|---|---|---|---|---|---|
r-devel-linux-x86_64-debian-clang | 0.1-4 | 7.60 | 63.89 | 71.49 | NOTE | |
r-devel-linux-x86_64-debian-gcc | 0.1-4 | 5.34 | 48.98 | 54.32 | NOTE | |
r-devel-linux-x86_64-fedora-clang | 0.1-4 | 46.00 | 65.52 | 111.52 | NOTE | |
r-devel-linux-x86_64-fedora-gcc | 0.1-4 | 15.00 | 81.88 | 96.88 | NOTE | |
r-devel-windows-x86_64 | 0.1-4 | 7.00 | 70.00 | 77.00 | OK | |
r-patched-linux-x86_64 | 0.1-4 | 7.26 | 58.71 | 65.97 | OK | |
r-release-linux-x86_64 | 0.1-4 | 7.00 | 58.79 | 65.79 | OK | |
r-release-macos-arm64 | 0.1-4 | 4.00 | 29.00 | 33.00 | OK | |
r-release-macos-x86_64 | 0.1-4 | 12.00 | 75.00 | 87.00 | OK | |
r-release-windows-x86_64 | 0.1-4 | 7.00 | 71.00 | 78.00 | OK | |
r-oldrel-macos-arm64 | 0.1-4 | 3.00 | 29.00 | 32.00 | OK | |
r-oldrel-macos-x86_64 | 0.1-4 | 5.00 | 60.00 | 65.00 | OK | |
r-oldrel-windows-x86_64 | 0.1-4 | 11.00 | 85.00 | 96.00 | OK |
Version: 0.1-4
Check: top-level files
Result: NOTE
Found the following validation problem for the NEWS.Rd HTML conversion:
NEWS.html:164:1 (inst/NEWS.Rd:70): Warning: missing </ul> before </div>
NEWS.html:59:1 (inst/NEWS.Rd:21): Warning: <h4> anchor "changed" already defined
NEWS.html:90:1 (inst/NEWS.Rd:36): Warning: <h4> anchor "fixed" already defined
NEWS.html:101:1 (inst/NEWS.Rd:41): Warning: <h4> anchor "changed" already defined
NEWS.html:112:1 (inst/NEWS.Rd:46): Warning: <h4> anchor "added" already defined
NEWS.html:150:1 (inst/NEWS.Rd:66): Warning: <h4> anchor "changed" already defined
Flavors: r-devel-linux-x86_64-debian-clang, r-devel-linux-x86_64-debian-gcc
Version: 0.1-4
Check: dependencies in R code
Result: NOTE
Namespace in Imports field not imported from: ‘methods’
All declared Imports should be used.
Flavors: r-devel-linux-x86_64-fedora-clang, r-devel-linux-x86_64-fedora-gcc