Last updated on 2025-10-21 09:48:36 CEST.
Flavor | Version | Tinstall | Tcheck | Ttotal | Status | Flags |
---|---|---|---|---|---|---|
r-devel-linux-x86_64-debian-clang | 1.0.0 | 3.21 | 29.93 | 33.14 | OK | |
r-devel-linux-x86_64-debian-gcc | 1.0.0 | 2.35 | 23.83 | 26.18 | NOTE | |
r-devel-linux-x86_64-fedora-clang | 1.0.0 | 51.54 | OK | |||
r-devel-linux-x86_64-fedora-gcc | 1.0.0 | 45.04 | OK | |||
r-devel-windows-x86_64 | 1.0.0 | 5.00 | 48.00 | 53.00 | OK | |
r-patched-linux-x86_64 | 1.0.0 | 3.15 | 27.93 | 31.08 | OK | |
r-release-linux-x86_64 | 1.0.0 | 2.87 | 27.70 | 30.57 | OK | |
r-release-macos-arm64 | 1.0.0 | 25.00 | OK | |||
r-release-macos-x86_64 | 1.0.0 | 39.00 | OK | |||
r-release-windows-x86_64 | 1.0.0 | 5.00 | 48.00 | 53.00 | OK | |
r-oldrel-macos-arm64 | 1.0.0 | 20.00 | NOTE | |||
r-oldrel-macos-x86_64 | 1.0.0 | 27.00 | NOTE | |||
r-oldrel-windows-x86_64 | 1.0.0 | 6.00 | 54.00 | 60.00 | NOTE |
Version: 1.0.0
Check: HTML version of manual
Result: NOTE
Found the following HTML validation problems:
RIP_API.html:50:1 (RIP_API.Rd:16): Warning: missing </ul> before </div>
getKSJData.html:54:1 (getKSJData.Rd:14): Warning: missing </ul> before </div>
translateKSJData.html:75:1 (translateKSJData.Rd:28): Warning: missing </ul> before </div>
Flavor: r-devel-linux-x86_64-debian-gcc
Version: 1.0.0
Check: LazyData
Result: NOTE
'LazyData' is specified without a 'data' directory
Flavors: r-oldrel-macos-arm64, r-oldrel-macos-x86_64, r-oldrel-windows-x86_64