Last updated on 2025-10-22 09:50:37 CEST.
Flavor | Version | Tinstall | Tcheck | Ttotal | Status | Flags |
---|---|---|---|---|---|---|
r-devel-linux-x86_64-debian-clang | 1.73 | 5.69 | 65.18 | 70.87 | NOTE | |
r-devel-linux-x86_64-debian-gcc | 1.73 | 4.37 | 46.17 | 50.54 | NOTE | |
r-devel-linux-x86_64-fedora-clang | 1.73 | 22.00 | 85.53 | 107.53 | NOTE | |
r-devel-linux-x86_64-fedora-gcc | 1.73 | 13.00 | 95.37 | 108.37 | NOTE | |
r-devel-windows-x86_64 | 1.73 | 7.00 | 113.00 | 120.00 | OK | |
r-patched-linux-x86_64 | 1.73 | 6.41 | 61.65 | 68.06 | OK | |
r-release-linux-x86_64 | 1.73 | 5.68 | 62.31 | 67.99 | OK | |
r-release-macos-arm64 | 1.73 | 2.00 | 41.00 | 43.00 | OK | |
r-release-macos-x86_64 | 1.73 | 8.00 | 71.00 | 79.00 | OK | |
r-release-windows-x86_64 | 1.73 | 7.00 | 112.00 | 119.00 | OK | |
r-oldrel-macos-arm64 | 1.73 | 3.00 | 39.00 | 42.00 | OK | |
r-oldrel-macos-x86_64 | 1.73 | 4.00 | 51.00 | 55.00 | OK | |
r-oldrel-windows-x86_64 | 1.73 | 10.00 | 119.00 | 129.00 | OK |
Version: 1.73
Check: HTML version of manual
Result: NOTE
Found the following HTML validation problems:
statdatKey.html:56:1 (statdatKey.Rd:15): Warning: missing </ul> before </div>
Flavors: r-devel-linux-x86_64-debian-clang, r-devel-linux-x86_64-debian-gcc
Version: 1.73
Check: dependencies in R code
Result: NOTE
Namespace in Imports field not imported from: ‘RUnit’
All declared Imports should be used.
Flavors: r-devel-linux-x86_64-fedora-clang, r-devel-linux-x86_64-fedora-gcc