CRAN Package Check Results for Package label.switching

Last updated on 2025-10-22 09:50:37 CEST.

Flavor Version Tinstall Tcheck Ttotal Status Flags
r-devel-linux-x86_64-debian-clang 1.8 3.43 31.44 34.87 NOTE
r-devel-linux-x86_64-debian-gcc 1.8 2.16 23.48 25.64 NOTE
r-devel-linux-x86_64-fedora-clang 1.8 12.00 41.56 53.56 OK
r-devel-linux-x86_64-fedora-gcc 1.8 47.30 OK
r-devel-windows-x86_64 1.8 5.00 66.00 71.00 OK
r-patched-linux-x86_64 1.8 3.26 29.23 32.49 OK
r-release-linux-x86_64 1.8 2.92 29.19 32.11 OK
r-release-macos-arm64 1.8 2.00 19.00 21.00 OK
r-release-macos-x86_64 1.8 5.00 43.00 48.00 OK
r-release-windows-x86_64 1.8 4.00 76.00 80.00 OK
r-oldrel-macos-arm64 1.8 2.00 27.00 29.00 OK
r-oldrel-macos-x86_64 1.8 2.00 25.00 27.00 OK
r-oldrel-windows-x86_64 1.8 5.00 68.00 73.00 OK

Check Details

Version: 1.8
Check: CRAN incoming feasibility
Result: NOTE Maintainer: ‘Panagiotis Papastamoulis <papapast@yahoo.gr>’ No Authors@R field in DESCRIPTION. Please add one, modifying Authors@R: person(given = "Panagiotis", family = "Papastamoulis", role = c("aut", "cre"), email = "papapast@yahoo.gr") as necessary. Flavors: r-devel-linux-x86_64-debian-clang, r-devel-linux-x86_64-debian-gcc