CRAN Package Check Results for Package landsat

Last updated on 2025-10-22 09:50:37 CEST.

Flavor Version Tinstall Tcheck Ttotal Status Flags
r-devel-linux-x86_64-debian-clang 1.1.2 6.98 84.54 91.52 NOTE
r-devel-linux-x86_64-debian-gcc 1.1.2 6.24 63.61 69.85 NOTE
r-devel-linux-x86_64-fedora-clang 1.1.2 36.00 111.22 147.22 NOTE
r-devel-linux-x86_64-fedora-gcc 1.1.2 18.00 111.49 129.49 NOTE
r-devel-windows-x86_64 1.1.2 10.00 96.00 106.00 NOTE
r-patched-linux-x86_64 1.1.2 7.98 81.88 89.86 NOTE
r-release-linux-x86_64 1.1.2 8.22 81.93 90.15 NOTE
r-release-macos-arm64 1.1.2 4.00 50.00 54.00 NOTE
r-release-macos-x86_64 1.1.2 12.00 114.00 126.00 NOTE
r-release-windows-x86_64 1.1.2 10.00 99.00 109.00 NOTE
r-oldrel-macos-arm64 1.1.2 4.00 38.00 42.00 NOTE
r-oldrel-macos-x86_64 1.1.2 7.00 59.00 66.00 NOTE
r-oldrel-windows-x86_64 1.1.2 13.00 120.00 133.00 NOTE

Check Details

Version: 1.1.2
Check: Rd files
Result: NOTE checkRd: (-1) DOS.Rd:34: Lost braces; missing escapes or markup? 34 | Band-specific sensor $G_{rescale}$ (gain). Require either gain and offset or Grescale and Brescale to convert DN to radiance. | ^ checkRd: (-1) DOS.Rd:37: Lost braces; missing escapes or markup? 37 | Band-specific sensor $B_{rescale}$ (bias). Require either gain and offset or Grescale and Brescale to convert DN to radiance. | ^ Flavors: r-devel-linux-x86_64-debian-clang, r-devel-linux-x86_64-debian-gcc, r-devel-linux-x86_64-fedora-clang, r-devel-linux-x86_64-fedora-gcc, r-devel-windows-x86_64, r-patched-linux-x86_64, r-release-linux-x86_64, r-release-macos-arm64, r-release-macos-x86_64, r-release-windows-x86_64, r-oldrel-macos-arm64, r-oldrel-macos-x86_64, r-oldrel-windows-x86_64