Last updated on 2025-10-22 09:50:38 CEST.
Flavor | Version | Tinstall | Tcheck | Ttotal | Status | Flags |
---|---|---|---|---|---|---|
r-devel-linux-x86_64-debian-clang | 1.1.0 | 21.90 | 38.96 | 60.86 | NOTE | |
r-devel-linux-x86_64-debian-gcc | 1.1.0 | 17.73 | 30.48 | 48.21 | NOTE | |
r-devel-linux-x86_64-fedora-clang | 1.1.0 | 83.00 | 22.59 | 105.59 | NOTE | |
r-devel-linux-x86_64-fedora-gcc | 1.1.0 | 50.00 | 68.06 | 118.06 | NOTE | |
r-devel-windows-x86_64 | 1.1.0 | 32.00 | 76.00 | 108.00 | NOTE | |
r-patched-linux-x86_64 | 1.1.0 | 26.09 | 36.47 | 62.56 | NOTE | |
r-release-linux-x86_64 | 1.1.0 | 23.89 | 36.43 | 60.32 | NOTE | |
r-release-macos-arm64 | 1.1.0 | 10.00 | 38.00 | 48.00 | NOTE | |
r-release-macos-x86_64 | 1.1.0 | 12.00 | 50.00 | 62.00 | NOTE | |
r-release-windows-x86_64 | 1.1.0 | 32.00 | 82.00 | 114.00 | NOTE | |
r-oldrel-macos-arm64 | 1.1.0 | 11.00 | 25.00 | 36.00 | NOTE | |
r-oldrel-macos-x86_64 | 1.1.0 | 12.00 | 41.00 | 53.00 | NOTE | |
r-oldrel-windows-x86_64 | 1.1.0 | 37.00 | 95.00 | 132.00 | NOTE |
Version: 1.1.0
Check: C++ specification
Result: NOTE
Specified C++11: please drop specification unless essential
Flavors: r-devel-linux-x86_64-debian-clang, r-devel-linux-x86_64-debian-gcc, r-devel-linux-x86_64-fedora-clang, r-devel-linux-x86_64-fedora-gcc, r-devel-windows-x86_64, r-patched-linux-x86_64, r-release-linux-x86_64, r-release-macos-arm64, r-release-macos-x86_64, r-release-windows-x86_64, r-oldrel-macos-arm64, r-oldrel-macos-x86_64, r-oldrel-windows-x86_64
Version: 1.1.0
Check: HTML version of manual
Result: NOTE
Found the following HTML validation problems:
ClassLazyArray.html:167:1 (ClassLazyArray.Rd:82): Warning: <h5> anchor "Usage" already defined
ClassLazyArray.html:173:1 (ClassLazyArray.Rd:86): Warning: <h5> anchor "Arguments" already defined
ClassLazyArray.html:200:1 (ClassLazyArray.Rd:103): Warning: <h5> anchor "Usage" already defined
ClassLazyArray.html:206:1 (ClassLazyArray.Rd:107): Warning: <h5> anchor "Arguments" already defined
ClassLazyArray.html:229:1 (ClassLazyArray.Rd:120): Warning: <h5> anchor "Usage" already defined
ClassLazyArray.html:245:1 (ClassLazyArray.Rd:130): Warning: <h5> anchor "Usage" already defined
ClassLazyArray.html:251:1 (ClassLazyArray.Rd:134): Warning: <h5> anchor "Arguments" already defined
ClassLazyArray.html:276:1 (ClassLazyArray.Rd:149): Warning: <h5> anchor "Usage" already defined
ClassLazyArray.html:292:1 (ClassLazyArray.Rd:159): Warning: <h5> anchor "Usage" already defined
ClassLazyArray.html:308:1 (ClassLazyArray.Rd:169): Warning: <h5> anchor "Usage" already defined
ClassLazyArray.html:314:1 (ClassLazyArray.Rd:173): Warning: <h5> anchor "Arguments" already defined
ClassLazyArray.html:339:1 (ClassLazyArray.Rd:188): Warning: <h5> anchor "Usage" already defined
ClassLazyArray.html:356:1 (ClassLazyArray.Rd:199): Warning: <h5> anchor "Usage" already defined
ClassLazyArray.html:372:1 (ClassLazyArray.Rd:209): Warning: <h5> anchor "Usage" already defined
ClassLazyArray.html:388:1 (ClassLazyArray.Rd:219): Warning: <h5> anchor "Usage" already defined
ClassLazyArray.html:404:1 (ClassLazyArray.Rd:229): Warning: <h5> anchor "Usage" already defined
ClassLazyArray.html:410:1 (ClassLazyArray.Rd:233): Warning: <h5> anchor "Arguments" already defined
ClassLazyArray.html:425:1 (ClassLazyArray.Rd:242): Warning: <h5> anchor "Returns" already defined
ClassLazyArray.html:442:1 (ClassLazyArray.Rd:251): Warning: <h5> anchor "Usage" already defined
ClassLazyArray.html:448:1 (ClassLazyArray.Rd:255): Warning: <h5> anchor "Arguments" already defined
ClassLazyArray.html:473:1 (ClassLazyArray.Rd:270): Warning: <h5> anchor "Usage" already defined
ClassLazyArray.html:479:1 (ClassLazyArray.Rd:274): Warning: <h5> anchor "Arguments" already defined
ClassLazyArray.html:502:1 (ClassLazyArray.Rd:287): Warning: <h5> anchor "Usage" already defined
ClassLazyArray.html:518:1 (ClassLazyArray.Rd:297): Warning: <h5> anchor "Usage" already defined
ClassLazyArray.html:524:1 (ClassLazyArray.Rd:301): Warning: <h5> anchor "Arguments" already defined
ClassLazyArray.html:549:1 (ClassLazyArray.Rd:316): Warning: <h5> anchor "Usage" already defined
ClassLazyArray.html:565:1 (ClassLazyArray.Rd:326): Warning: <h5> anchor "Usage" already defined
ClassLazyArray.html:571:1 (ClassLazyArray.Rd:330): Warning: <h5> anchor "Arguments" already defined
Flavors: r-devel-linux-x86_64-debian-clang, r-devel-linux-x86_64-debian-gcc