Last updated on 2025-10-22 09:50:38 CEST.
Flavor | Version | Tinstall | Tcheck | Ttotal | Status | Flags |
---|---|---|---|---|---|---|
r-devel-linux-x86_64-debian-clang | 1.0.3 | 3.46 | 1002.15 | 1005.61 | NOTE | |
r-devel-linux-x86_64-debian-gcc | 1.0.3 | 2.98 | 549.93 | 552.91 | NOTE | |
r-devel-linux-x86_64-fedora-clang | 1.0.3 | 16.00 | 1762.81 | 1778.81 | OK | |
r-devel-linux-x86_64-fedora-gcc | 1.0.3 | 1575.73 | OK | |||
r-devel-windows-x86_64 | 1.0.3 | 7.00 | 790.00 | 797.00 | OK | |
r-patched-linux-x86_64 | 1.0.3 | 5.52 | 959.99 | 965.51 | OK | |
r-release-linux-x86_64 | 1.0.3 | 4.09 | 958.49 | 962.58 | OK | |
r-release-macos-arm64 | 1.0.3 | 2.00 | 318.00 | 320.00 | OK | |
r-release-macos-x86_64 | 1.0.3 | 4.00 | 866.00 | 870.00 | OK | |
r-release-windows-x86_64 | 1.0.3 | 7.00 | 791.00 | 798.00 | OK | |
r-oldrel-macos-arm64 | 1.0.3 | 2.00 | 236.00 | 238.00 | OK | |
r-oldrel-macos-x86_64 | 1.0.3 | 3.00 | 640.00 | 643.00 | OK | |
r-oldrel-windows-x86_64 | 1.0.3 | 9.00 | 1219.00 | 1228.00 | OK |
Version: 1.0.3
Check: HTML version of manual
Result: NOTE
Found the following HTML validation problems:
dot-calc_multipliers.html:56:1 (dot-calc_multipliers.Rd:14): Warning: missing </ul> before </div>
dot-foreach.html:83:1 (dot-foreach.Rd:37): Warning: missing </ul> before </div>
dot-normalize_max_removed_per_cond.html:57:1 (dot-normalize_max_removed_per_cond.Rd:19): Warning: missing </ul> before </div>
dot-sort_group_sizes.html:71:1 (dot-sort_group_sizes.Rd:31): Warning: missing </ul> before </div>
dot-warn_about_extra_params.html:53:1 (dot-warn_about_extra_params.Rd:15): Warning: missing </ul> before </div>
Flavors: r-devel-linux-x86_64-debian-clang, r-devel-linux-x86_64-debian-gcc