Last updated on 2025-10-22 09:50:38 CEST.
Flavor | Version | Tinstall | Tcheck | Ttotal | Status | Flags |
---|---|---|---|---|---|---|
r-devel-linux-x86_64-debian-clang | 0.4.2 | 38.69 | 83.28 | 121.97 | NOTE | |
r-devel-linux-x86_64-debian-gcc | 0.4.2 | 26.17 | 55.17 | 81.34 | NOTE | |
r-devel-linux-x86_64-fedora-clang | 0.4.2 | 131.00 | 72.25 | 203.25 | OK | |
r-devel-linux-x86_64-fedora-gcc | 0.4.2 | 72.00 | 126.73 | 198.73 | OK | |
r-devel-windows-x86_64 | 0.4.2 | 43.00 | 101.00 | 144.00 | OK | |
r-patched-linux-x86_64 | 0.4.2 | 36.90 | 72.81 | 109.71 | OK | |
r-release-linux-x86_64 | 0.4.2 | 36.36 | 73.48 | 109.84 | OK | |
r-release-macos-arm64 | 0.4.2 | 16.00 | 35.00 | 51.00 | OK | |
r-release-macos-x86_64 | 0.4.2 | 28.00 | 73.00 | 101.00 | OK | |
r-release-windows-x86_64 | 0.4.2 | 48.00 | 103.00 | 151.00 | OK | |
r-oldrel-macos-arm64 | 0.4.2 | 17.00 | 36.00 | 53.00 | OK | |
r-oldrel-macos-x86_64 | 0.4.2 | 26.00 | 52.00 | 78.00 | OK | |
r-oldrel-windows-x86_64 | 0.4.2 | 54.00 | 132.00 | 186.00 | OK |
Version: 0.4.2
Check: HTML version of manual
Result: NOTE
Found the following HTML validation problems:
log_likelihood.html:75:1 (log_likelihood.Rd:26): Warning: missing </ul> before </div>
log_likelihood_ind.html:71:1 (log_likelihood_ind.Rd:24): Warning: missing </ul> before </div>
Flavors: r-devel-linux-x86_64-debian-clang, r-devel-linux-x86_64-debian-gcc