Last updated on 2025-10-22 09:50:38 CEST.
Flavor | Version | Tinstall | Tcheck | Ttotal | Status | Flags |
---|---|---|---|---|---|---|
r-devel-linux-x86_64-debian-clang | 1.0.0 | 62.15 | 32.70 | 94.85 | OK | |
r-devel-linux-x86_64-debian-gcc | 1.0.0 | 51.28 | 31.34 | 82.62 | OK | |
r-devel-linux-x86_64-fedora-clang | 1.0.0 | 190.00 | -30.55 | 159.45 | OK | |
r-devel-linux-x86_64-fedora-gcc | 1.0.0 | 163.00 | 16.81 | 179.81 | OK | |
r-devel-windows-x86_64 | 1.0.0 | 64.00 | 70.00 | 134.00 | OK | |
r-patched-linux-x86_64 | 1.0.0 | 70.90 | 37.08 | 107.98 | OK | |
r-release-linux-x86_64 | 1.0.0 | 70.89 | 36.92 | 107.81 | OK | |
r-release-macos-arm64 | 1.0.0 | 28.00 | 19.00 | 47.00 | OK | |
r-release-macos-x86_64 | 1.0.0 | 71.00 | 37.00 | 108.00 | OK | |
r-release-windows-x86_64 | 1.0.0 | 67.00 | 77.00 | 144.00 | OK | |
r-oldrel-macos-arm64 | 1.0.0 | 29.00 | 22.00 | 51.00 | NOTE | |
r-oldrel-macos-x86_64 | 1.0.0 | 55.00 | 32.00 | 87.00 | NOTE | |
r-oldrel-windows-x86_64 | 1.0.0 | 80.00 | 89.00 | 169.00 | OK |
Version: 1.0.0
Check: installed package size
Result: NOTE
installed size is 38.2Mb
sub-directories of 1Mb or more:
libs 37.8Mb
Flavors: r-oldrel-macos-arm64, r-oldrel-macos-x86_64