Last updated on 2025-07-03 09:50:45 CEST.
Flavor | Version | Tinstall | Tcheck | Ttotal | Status | Flags |
---|---|---|---|---|---|---|
r-devel-linux-x86_64-debian-clang | 1.0.0 | 69.84 | 31.07 | 100.91 | OK | |
r-devel-linux-x86_64-debian-gcc | 1.0.0 | 55.28 | 30.76 | 86.04 | OK | |
r-devel-linux-x86_64-fedora-clang | 1.0.0 | 166.31 | OK | |||
r-devel-linux-x86_64-fedora-gcc | 1.0.0 | 182.97 | OK | |||
r-devel-windows-x86_64 | 1.0.0 | 64.00 | 77.00 | 141.00 | ERROR | |
r-patched-linux-x86_64 | 1.0.0 | 73.11 | 35.89 | 109.00 | OK | |
r-release-linux-x86_64 | 1.0.0 | 71.23 | 35.79 | 107.02 | OK | |
r-release-macos-arm64 | 1.0.0 | 47.00 | OK | |||
r-release-macos-x86_64 | 1.0.0 | 108.00 | OK | |||
r-release-windows-x86_64 | 1.0.0 | 65.00 | 76.00 | 141.00 | OK | |
r-oldrel-macos-arm64 | 1.0.0 | 51.00 | NOTE | |||
r-oldrel-macos-x86_64 | 1.0.0 | 87.00 | NOTE | |||
r-oldrel-windows-x86_64 | 1.0.0 | 80.00 | 90.00 | 170.00 | OK |
Version: 1.0.0
Check: tests
Result: ERROR
Running 'testthat.R' [1s]
Running the tests in 'tests/testthat.R' failed.
Complete output:
> # This file is part of the standard setup for testthat.
> # It is recommended that you do not modify it.
> #
> # Where should you do additional test configuration?
> # Learn more about the roles of various files in:
> # * https://r-pkgs.org/testing-design.html#sec-tests-files-overview
> # * https://testthat.r-lib.org/articles/special-files.html
>
> library(testthat)
> library(learner)
>
> test_check("learner")
terminate called after throwing an instance of 'Rcpp::not_a_matrix'
what(): Not a matrix.
Flavor: r-devel-windows-x86_64
Version: 1.0.0
Check: installed package size
Result: NOTE
installed size is 38.2Mb
sub-directories of 1Mb or more:
libs 37.8Mb
Flavors: r-oldrel-macos-arm64, r-oldrel-macos-x86_64