Last updated on 2025-10-22 09:50:38 CEST.
Flavor | Version | Tinstall | Tcheck | Ttotal | Status | Flags |
---|---|---|---|---|---|---|
r-devel-linux-x86_64-debian-clang | 0.5.2 | 10.54 | 221.54 | 232.08 | NOTE | |
r-devel-linux-x86_64-debian-gcc | 0.5.2 | 6.69 | 153.64 | 160.33 | NOTE | |
r-devel-linux-x86_64-fedora-clang | 0.5.2 | 54.00 | 329.40 | 383.40 | OK | |
r-devel-linux-x86_64-fedora-gcc | 0.5.2 | 22.00 | 327.52 | 349.52 | OK | |
r-devel-windows-x86_64 | 0.5.2 | 13.00 | 200.00 | 213.00 | OK | |
r-patched-linux-x86_64 | 0.5.2 | 10.11 | 211.97 | 222.08 | OK | |
r-release-linux-x86_64 | 0.5.2 | 8.93 | 212.40 | 221.33 | OK | |
r-release-macos-arm64 | 0.5.2 | 4.00 | 82.00 | 86.00 | OK | |
r-release-macos-x86_64 | 0.5.2 | 11.00 | 192.00 | 203.00 | OK | |
r-release-windows-x86_64 | 0.5.2 | 12.00 | 202.00 | 214.00 | OK | |
r-oldrel-macos-arm64 | 0.5.2 | 4.00 | 82.00 | 86.00 | OK | |
r-oldrel-macos-x86_64 | 0.5.2 | 9.00 | 208.00 | 217.00 | OK | |
r-oldrel-windows-x86_64 | 0.5.2 | 17.00 | 272.00 | 289.00 | OK |
Version: 0.5.2
Check: HTML version of manual
Result: NOTE
Found the following HTML validation problems:
get_panel_range.html:55:1 (get_panel_range.Rd:19): Warning: missing </ul> before </div>
lemon_plot.html:53:1 (lemon_plot.Rd:16): Warning: missing </ul> before </div>
remove_labels_from_axis.html:50:1 (remove_labels_from_axis.Rd:12): Warning: missing </ul> before </div>
Flavors: r-devel-linux-x86_64-debian-clang, r-devel-linux-x86_64-debian-gcc